{"id":97,"date":"2023-11-04T15:54:55","date_gmt":"2023-11-04T14:54:55","guid":{"rendered":"https:\/\/la-petite-fabrique-de-grammaire.fr\/?page_id=97"},"modified":"2024-05-26T19:58:28","modified_gmt":"2024-05-26T17:58:28","slug":"rituels","status":"publish","type":"page","link":"https:\/\/la-petite-fabrique-de-grammaire.fr\/?page_id=97","title":{"rendered":"Pour automatiser"},"content":{"rendered":"<p style=\"text-align: justify;\"><strong>POUR AUTOMATISER<\/strong><\/p>\r\n<div class=\"wp-block-columns\">\r\n<div class=\"wp-block-column\" style=\"flex-basis: 66.66%;\"><!-- \/wp:post-content -->\r\n\r\n<!-- wp:paragraph -->\r\n<p>Ce n\u2019est pas en faisant des exercices qu\u2019on apprend la grammaire.<br \/><br \/>Mais c\u2019est bien parce qu\u2019on s\u2019entraine, qu\u2019on r\u00e9p\u00e8te des proc\u00e9dures, qu\u2019on recommence sur des mat\u00e9riaux vari\u00e9s que se renforcent les automatismes et que cristallisent les contextes prototypiques. S\u2019exercer est ainsi indispensable pour acqu\u00e9rir une r\u00e9elle maitrise.<\/p>\r\n<!-- \/wp:paragraph -->\r\n\r\n<!-- wp:paragraph -->\r\n<p>Voil\u00e0 la raison de nos propositions multiples\u00a0:<\/p>\r\n<!-- \/wp:paragraph -->\r\n\r\n<!-- wp:list -->\r\n<ul><!-- wp:list-item -->\r\n<li>des <a href=\"https:\/\/la-petite-fabrique-de-grammaire.fr\/?page_id=2394\" target=\"_blank\" rel=\"noopener\">rituels<\/a><\/li>\r\n<!-- \/wp:list-item -->\r\n\r\n<!-- wp:list-item -->\r\n<li>des <a href=\"https:\/\/la-petite-fabrique-de-grammaire.fr\/?page_id=2392\" target=\"_blank\" rel=\"noopener\">banques d&rsquo;exercices compl\u00e9mentaires<\/a><\/li>\r\n<!-- \/wp:list-item -->\r\n\r\n<!-- wp:list-item -->\r\n<li>des <a href=\"https:\/\/la-petite-fabrique-de-grammaire.fr\/?page_id=2396\" target=\"_blank\" rel=\"noopener\">jeux<\/a><\/li>\r\n<!-- \/wp:list-item --><\/ul>\r\n<!-- \/wp:list --><\/div>\r\n<!-- \/wp:column -->\r\n\r\n<!-- wp:column {\"width\":\"33.33%\"} -->\r\n<div class=\"wp-block-column\" style=\"flex-basis: 33.33%;\"><!-- wp:image {\"id\":4850,\"sizeSlug\":\"large\",\"linkDestination\":\"none\"} -->\r\n<figure class=\"wp-block-image size-large\"><img decoding=\"async\" class=\"wp-image-4850\" src=\"https:\/\/la-petite-fabrique-de-grammaire.fr\/wp-content\/uploads\/2024\/05\/Ahuri-2-431x1024.jpg\" alt=\"\" \/><\/figure>\r\n<\/div>\r\n<\/div>\r\n<div class=\"wp-block-columns\"><!-- \/wp:column -->\r\n\r\n<!-- wp:column {\"width\":\"33.33%\"} -->\r\n<div class=\"wp-block-column\" style=\"flex-basis: 33.33%;\"><!-- wp:image -->\r\n<figure class=\"wp-block-image\"><img decoding=\"async\" src=\"blob:https:\/\/la-petite-fabrique-de-grammaire.fr\/792b3b48-fc6b-470d-b695-d2d396fe334e\" alt=\"\" \/><\/figure>\r\n<!-- \/wp:image --><\/div>\r\n<!-- \/wp:column --><\/div>\r\n<!-- \/wp:columns -->","protected":false},"excerpt":{"rendered":"<p>POUR AUTOMATISER Ce n\u2019est pas en faisant des exercices qu\u2019on apprend la grammaire. Mais c\u2019est bien parce qu\u2019on s\u2019entraine, qu\u2019on r\u00e9p\u00e8te des proc\u00e9dures, qu\u2019on recommence sur des mat\u00e9riaux vari\u00e9s que se renforcent les automatismes et que cristallisent les contextes prototypiques. S\u2019exercer est ainsi indispensable pour acqu\u00e9rir une r\u00e9elle maitrise. Voil\u00e0 la raison de nos propositions [&hellip;]<\/p>\n","protected":false},"author":1,"featured_media":0,"parent":0,"menu_order":0,"comment_status":"closed","ping_status":"closed","template":"","meta":{"footnotes":""},"class_list":["post-97","page","type-page","status-publish","hentry"],"_links":{"self":[{"href":"https:\/\/la-petite-fabrique-de-grammaire.fr\/index.php?rest_route=\/wp\/v2\/pages\/97","targetHints":{"allow":["GET"]}}],"collection":[{"href":"https:\/\/la-petite-fabrique-de-grammaire.fr\/index.php?rest_route=\/wp\/v2\/pages"}],"about":[{"href":"https:\/\/la-petite-fabrique-de-grammaire.fr\/index.php?rest_route=\/wp\/v2\/types\/page"}],"author":[{"embeddable":true,"href":"https:\/\/la-petite-fabrique-de-grammaire.fr\/index.php?rest_route=\/wp\/v2\/users\/1"}],"replies":[{"embeddable":true,"href":"https:\/\/la-petite-fabrique-de-grammaire.fr\/index.php?rest_route=%2Fwp%2Fv2%2Fcomments&post=97"}],"version-history":[{"count":17,"href":"https:\/\/la-petite-fabrique-de-grammaire.fr\/index.php?rest_route=\/wp\/v2\/pages\/97\/revisions"}],"predecessor-version":[{"id":4860,"href":"https:\/\/la-petite-fabrique-de-grammaire.fr\/index.php?rest_route=\/wp\/v2\/pages\/97\/revisions\/4860"}],"wp:attachment":[{"href":"https:\/\/la-petite-fabrique-de-grammaire.fr\/index.php?rest_route=%2Fwp%2Fv2%2Fmedia&parent=97"}],"curies":[{"name":"wp","href":"https:\/\/api.w.org\/{rel}","templated":true}]}}