{"id":7005,"date":"2025-09-07T17:53:30","date_gmt":"2025-09-07T15:53:30","guid":{"rendered":"https:\/\/la-petite-fabrique-de-grammaire.fr\/?page_id=7005"},"modified":"2026-02-08T19:17:55","modified_gmt":"2026-02-08T18:17:55","slug":"perspectives-curriculaires","status":"publish","type":"page","link":"https:\/\/la-petite-fabrique-de-grammaire.fr\/?page_id=7005","title":{"rendered":"Perspectives curriculaires"},"content":{"rendered":"<p><strong>PERSPECTIVES CURRICULAIRES<\/strong><\/p>\n<p>Quels apprentissages en amont\u00a0? en aval\u00a0?<\/p>\n<p style=\"text-align: justify;\">Il est parfois important de situer l\u2019\u00e9tude qu\u2019on m\u00e8ne dans le curriculum des \u00e9l\u00e8ves\u00a0: que sont-ils cens\u00e9s avoir d\u00e9j\u00e0 appris\u00a0? qu\u2019apprendront-ils par la suite\u00a0? Les tableaux propos\u00e9s sous l\u2019onglet <em>Situations d\u2019apprentissage<\/em> devraient r\u00e9pondre le plus souvent \u00e0 ce genre de questions, mais certains objets sont communs \u00e0 plusieurs de nos rubriques.<\/p>\n<p style=\"text-align: justify;\">De plus, il parait int\u00e9ressant de pouvoir distinguer les points de vue s\u00e9mantique (\u00e0 quoi \u00e7a sert\u00a0?), morphologique (\u00e0 quoi est-ce que \u00e7a ressemble\u00a0?) et syntaxique (avec quoi est-ce que \u00e7a va\u00a0?).<\/p>\n<p style=\"text-align: justify;\">Pour ces deux raisons, nous vous proposons quelques points particuliers, pr\u00e9sent\u00e9s selon une perspective curriculaire.<\/p>\n<p style=\"text-align: justify;\">Dans les tableaux qui suivent, les titres des le\u00e7ons sont pr\u00e9c\u00e9d\u00e9s du num\u00e9ro d&rsquo;ordre que la le\u00e7on occupe dans la programmation propos\u00e9e.<br \/>\nIls sont en couleurs. Ces couleurs correspondent \u00e0 diff\u00e9rentes mani\u00e8res d&rsquo;aborder la notion grammaticales.<br \/>\n<span style=\"color: #3366ff;\"><strong>En bleu<\/strong><\/span>, la le\u00e7on vise un lien entre le langage et la grammaire, entre la compr\u00e9hension et la notion grammaticale, soit qu&rsquo;elle permette de l&rsquo;introduire, soit que la notion ait \u00e9t\u00e9 d\u00e9j\u00e0 \u00e9tudi\u00e9e et que la le\u00e7on lui donne du sens.<br \/>\n<span style=\"color: #339966;\"><strong>En vert<\/strong><\/span>, la le\u00e7on propose d&rsquo;investiguer une notion grammaticale, par l&rsquo;observation ou des activit\u00e9s de classement, de variation&#8230;<br \/>\n<span style=\"color: #ff9900;\"><strong>En orange<\/strong><\/span>, la le\u00e7on vise un entrainement de proc\u00e9dures, une syst\u00e9matisation, une mise en perspective&#8230;<\/p>\n<p>\u00a0 \u00a0 \u00a0 \u00a0 \u00a0 \u00a0 \u00a0 \u00a0 \u00a0 \u00a0 \u00a0 \u00a0 \u00a0 \u00a0 \u00a0 \u00a0 \u00a0 \u00a0 \u00a0 \u00a0 \u00a0 \u00a0 \u00a0 \u00a0 \u00a0 <img decoding=\"async\" src=\"http:\/\/la-petite-fabrique-de-grammaire.fr\/wp-content\/uploads\/2025\/10\/Jean-Daret.jpg\" \/><\/p>\n<p><a href=\"http:\/\/la-petite-fabrique-de-grammaire.fr\/wp-content\/uploads\/2026\/02\/curriculaire-Le-nom-le-verbe.pdf\" target=\"_blank\" rel=\"noopener\">Le nom, le verbe<\/a><\/p>\n<p><a href=\"http:\/\/la-petite-fabrique-de-grammaire.fr\/wp-content\/uploads\/2026\/02\/curriculaire-Phrase-et-texte.pdf\" target=\"_blank\" rel=\"noopener\">Phrase et texte<\/a><\/p>\n<p><a href=\"http:\/\/la-petite-fabrique-de-grammaire.fr\/wp-content\/uploads\/2026\/02\/curriculaire-Groupe-du-verbe.pdf\" target=\"_blank\" rel=\"noopener\">Le groupe du verbe<\/a><\/p>\n<p><a href=\"http:\/\/la-petite-fabrique-de-grammaire.fr\/wp-content\/uploads\/2026\/02\/curriculaire-Conjugaison.pdf\" target=\"_blank\" rel=\"noopener\">La conjugaison<\/a><\/p>\n<p><a href=\"http:\/\/la-petite-fabrique-de-grammaire.fr\/wp-content\/uploads\/2026\/02\/curriculaire-Expansions-du-Groupe-du-nom-1.pdf\" target=\"_blank\" rel=\"noopener\">Les expansions du groupe du nom<\/a><\/p>\n<p><a href=\"http:\/\/la-petite-fabrique-de-grammaire.fr\/wp-content\/uploads\/2026\/02\/curriculaire-Complements-de-phrase.pdf\" target=\"_blank\" rel=\"noopener\">Les compl\u00e9ments de phrase<\/a><\/p>\n<p><a href=\"http:\/\/la-petite-fabrique-de-grammaire.fr\/wp-content\/uploads\/2026\/02\/curriculaire-Les-determinants.pdf\" target=\"_blank\" rel=\"noopener\">Les d\u00e9terminants<\/a><\/p>\n<p><a href=\"http:\/\/la-petite-fabrique-de-grammaire.fr\/wp-content\/uploads\/2026\/02\/curriculaire-Pronoms-personnels.pdf\" target=\"_blank\" rel=\"noopener\">Le pronom personnel<\/a><\/p>\n<p><a href=\"http:\/\/la-petite-fabrique-de-grammaire.fr\/wp-content\/uploads\/2026\/02\/curriculaire-Prepositions.pdf\" target=\"_blank\" rel=\"noopener\">La pr\u00e9position<\/a><\/p>\n<p><a href=\"http:\/\/la-petite-fabrique-de-grammaire.fr\/wp-content\/uploads\/2026\/02\/curriculaire-Ponctuation.pdf\" target=\"_blank\" rel=\"noopener\">La ponctuation<\/a><\/p>\n","protected":false},"excerpt":{"rendered":"<p>PERSPECTIVES CURRICULAIRES Quels apprentissages en amont\u00a0? en aval\u00a0? Il est parfois important de situer l\u2019\u00e9tude qu\u2019on m\u00e8ne dans le curriculum des \u00e9l\u00e8ves\u00a0: que sont-ils cens\u00e9s avoir d\u00e9j\u00e0 appris\u00a0? qu\u2019apprendront-ils par la suite\u00a0? Les tableaux propos\u00e9s sous l\u2019onglet Situations d\u2019apprentissage devraient r\u00e9pondre le plus souvent \u00e0 ce genre de questions, mais certains objets sont communs \u00e0 [&hellip;]<\/p>\n","protected":false},"author":2,"featured_media":0,"parent":0,"menu_order":0,"comment_status":"closed","ping_status":"closed","template":"","meta":{"footnotes":""},"class_list":["post-7005","page","type-page","status-publish","hentry"],"_links":{"self":[{"href":"https:\/\/la-petite-fabrique-de-grammaire.fr\/index.php?rest_route=\/wp\/v2\/pages\/7005","targetHints":{"allow":["GET"]}}],"collection":[{"href":"https:\/\/la-petite-fabrique-de-grammaire.fr\/index.php?rest_route=\/wp\/v2\/pages"}],"about":[{"href":"https:\/\/la-petite-fabrique-de-grammaire.fr\/index.php?rest_route=\/wp\/v2\/types\/page"}],"author":[{"embeddable":true,"href":"https:\/\/la-petite-fabrique-de-grammaire.fr\/index.php?rest_route=\/wp\/v2\/users\/2"}],"replies":[{"embeddable":true,"href":"https:\/\/la-petite-fabrique-de-grammaire.fr\/index.php?rest_route=%2Fwp%2Fv2%2Fcomments&post=7005"}],"version-history":[{"count":35,"href":"https:\/\/la-petite-fabrique-de-grammaire.fr\/index.php?rest_route=\/wp\/v2\/pages\/7005\/revisions"}],"predecessor-version":[{"id":7479,"href":"https:\/\/la-petite-fabrique-de-grammaire.fr\/index.php?rest_route=\/wp\/v2\/pages\/7005\/revisions\/7479"}],"wp:attachment":[{"href":"https:\/\/la-petite-fabrique-de-grammaire.fr\/index.php?rest_route=%2Fwp%2Fv2%2Fmedia&parent=7005"}],"curies":[{"name":"wp","href":"https:\/\/api.w.org\/{rel}","templated":true}]}}

<p><strong>PERSPECTIVES CURRICULAIRES</strong></p>
<p>Quels apprentissages en amont ? en aval ?</p>
<p style="text-align: justify;">Il est parfois important de situer l’étude qu’on mène dans le curriculum des élèves : que sont-ils censés avoir déjà appris ? qu’apprendront-ils par la suite ? Les tableaux proposés sous l’onglet <em>Situations d’apprentissage</em> devraient répondre le plus souvent à ce genre de questions, mais certains objets sont communs à plusieurs de nos rubriques.</p>
<p style="text-align: justify;">De plus, il parait intéressant de pouvoir distinguer les points de vue sémantique (à quoi ça sert ?), morphologique (à quoi est-ce que ça ressemble ?) et syntaxique (avec quoi est-ce que ça va ?).</p>
<p style="text-align: justify;">Pour ces deux raisons, nous vous proposons quelques points particuliers, présentés selon une perspective curriculaire.</p>
<p style="text-align: justify;">Dans les tableaux qui suivent, les titres des leçons sont précédés du numéro d&rsquo;ordre que la leçon occupe dans la programmation proposée.<br />
Ils sont en couleurs. Ces couleurs correspondent à différentes manières d&rsquo;aborder la notion grammaticales.<br />
<span style="color: #3366ff;"><strong>En bleu</strong></span>, la leçon vise un lien entre le langage et la grammaire, entre la compréhension et la notion grammaticale, soit qu&rsquo;elle permette de l&rsquo;introduire, soit que la notion ait été déjà étudiée et que la leçon lui donne du sens.<br />
<span style="color: #339966;"><strong>En vert</strong></span>, la leçon propose d&rsquo;investiguer une notion grammaticale, par l&rsquo;observation ou des activités de classement, de variation&#8230;<br />
<span style="color: #ff9900;"><strong>En orange</strong></span>, la leçon vise un entrainement de procédures, une systématisation, une mise en perspective&#8230;</p>
<p>                                                  <img decoding="async" src="http://la-petite-fabrique-de-grammaire.fr/wp-content/uploads/2025/10/Jean-Daret.jpg" /></p>
<p><a href="http://la-petite-fabrique-de-grammaire.fr/wp-content/uploads/2026/02/curriculaire-Le-nom-le-verbe.pdf" target="_blank" rel="noopener">Le nom, le verbe</a></p>
<p><a href="http://la-petite-fabrique-de-grammaire.fr/wp-content/uploads/2026/02/curriculaire-Phrase-et-texte.pdf" target="_blank" rel="noopener">Phrase et texte</a></p>
<p><a href="http://la-petite-fabrique-de-grammaire.fr/wp-content/uploads/2026/02/curriculaire-Groupe-du-verbe.pdf" target="_blank" rel="noopener">Le groupe du verbe</a></p>
<p><a href="http://la-petite-fabrique-de-grammaire.fr/wp-content/uploads/2026/02/curriculaire-Conjugaison.pdf" target="_blank" rel="noopener">La conjugaison</a></p>
<p><a href="http://la-petite-fabrique-de-grammaire.fr/wp-content/uploads/2026/02/curriculaire-Expansions-du-Groupe-du-nom-1.pdf" target="_blank" rel="noopener">Les expansions du groupe du nom</a></p>
<p><a href="http://la-petite-fabrique-de-grammaire.fr/wp-content/uploads/2026/02/curriculaire-Complements-de-phrase.pdf" target="_blank" rel="noopener">Les compléments de phrase</a></p>
<p><a href="http://la-petite-fabrique-de-grammaire.fr/wp-content/uploads/2026/02/curriculaire-Les-determinants.pdf" target="_blank" rel="noopener">Les déterminants</a></p>
<p><a href="http://la-petite-fabrique-de-grammaire.fr/wp-content/uploads/2026/02/curriculaire-Pronoms-personnels.pdf" target="_blank" rel="noopener">Le pronom personnel</a></p>
<p><a href="http://la-petite-fabrique-de-grammaire.fr/wp-content/uploads/2026/02/curriculaire-Prepositions.pdf" target="_blank" rel="noopener">La préposition</a></p>
<p><a href="http://la-petite-fabrique-de-grammaire.fr/wp-content/uploads/2026/02/curriculaire-Ponctuation.pdf" target="_blank" rel="noopener">La ponctuation</a></p>

<p>PERSPECTIVES CURRICULAIRES Quels apprentissages en amont ? en aval ? Il est parfois important de situer l’étude qu’on mène dans le curriculum des élèves : que sont-ils censés avoir déjà appris ? qu’apprendront-ils par la suite ? Les tableaux proposés sous l’onglet Situations d’apprentissage devraient répondre le plus souvent à ce genre de questions, mais certains objets sont communs à [&hellip;]</p>
