{"id":3339,"date":"2024-03-23T11:47:58","date_gmt":"2024-03-23T10:47:58","guid":{"rendered":"https:\/\/la-petite-fabrique-de-grammaire.fr\/?page_id=3339"},"modified":"2024-05-27T22:27:59","modified_gmt":"2024-05-27T20:27:59","slug":"tableaux-synthetiques","status":"publish","type":"page","link":"https:\/\/la-petite-fabrique-de-grammaire.fr\/?page_id=3339","title":{"rendered":"Tableaux synth\u00e9tiques"},"content":{"rendered":"<p><strong>TABLEAUX SYNTH\u00c9TIQUES<\/strong><\/p>\n<p style=\"text-align: justify;\"><em><strong>Du c\u00f4t\u00e9 de l&rsquo;orthographe<\/strong><\/em><\/p>\n<p style=\"text-align: justify;\">Pour aider les \u00e9l\u00e8ves \u00e0 mettre de l&rsquo;ordre dans leurs repr\u00e9sentations, nous proposons r\u00e9guli\u00e8rement des <em>Collectes\u00a0<\/em>autour de lettres (-<span style=\"color: #3366ff;\">e<\/span>, <span style=\"color: #3366ff;\">-s<span style=\"color: #333333;\">)<\/span><\/span> et d&rsquo;une terminaison (en <span style=\"color: #3366ff;\">[e]<\/span> ou <span style=\"color: #3366ff;\">[\u025b]<\/span> &#8211; selon la prononciation locale) qui jouent des r\u00f4les particuli\u00e8rement divers.<\/p>\n<p style=\"text-align: justify;\">Lors des le\u00e7ons consacr\u00e9es \u00e0 ces collectes, les \u00e9l\u00e8ves produisent des classements. Il est pr\u00e9vu que ceux-ci s&rsquo;affinent \u00e0 mesure que les corpus fournis sont plus complexes. Mais il peut \u00eatre utile de disposer sous la main de classement \u00e0 hauteur d&rsquo;adulte, tels qu&rsquo;on ne les obtiendra probablement pas de la part des \u00e9l\u00e8ves. Ils sont donc propos\u00e9s ici.<\/p>\n<p><a href=\"http:\/\/la-petite-fabrique-de-grammaire.fr\/wp-content\/uploads\/2024\/05\/Tab-valeurs-lettre-e.pdf\" target=\"_blank\" rel=\"noopener\">Tableau synth\u00e9tique des valeurs de la lettre -e<\/a><\/p>\n<p><a href=\"http:\/\/la-petite-fabrique-de-grammaire.fr\/wp-content\/uploads\/2024\/03\/Tab-valeurs-lettre-s-.pdf\" target=\"_blank\" rel=\"noopener\">Tableau synth\u00e9tique des valeurs de la lettre -s<\/a><\/p>\n<p><a href=\"http:\/\/la-petite-fabrique-de-grammaire.fr\/wp-content\/uploads\/2024\/03\/Tab-e-en-fin-de-mot.pdf\" target=\"_blank\" rel=\"noopener\">Tableau synth\u00e9tique de la terminaison [e] \/ [\u025b]<\/a><\/p>\n<p><em><strong>Du c\u00f4t\u00e9 de la syntaxe<\/strong><\/em><\/p>\n<p>Il peut \u00eatre commode d&rsquo;avoir sous la main l&rsquo;ensemble des structures possibles pour le groupe du verbe. Vous pouvez trouver ici un tableau qui les r\u00e9sume.<\/p>\n<p><a href=\"http:\/\/la-petite-fabrique-de-grammaire.fr\/wp-content\/uploads\/2024\/03\/Tab-Groupe-Vb.pdf\" target=\"_blank\" rel=\"noopener\">Tableau synth\u00e9tique des structures du groupe verbal<\/a><\/p>\n","protected":false},"excerpt":{"rendered":"<p>TABLEAUX SYNTH\u00c9TIQUES Du c\u00f4t\u00e9 de l&rsquo;orthographe Pour aider les \u00e9l\u00e8ves \u00e0 mettre de l&rsquo;ordre dans leurs repr\u00e9sentations, nous proposons r\u00e9guli\u00e8rement des Collectes\u00a0autour de lettres (-e, -s) et d&rsquo;une terminaison (en [e] ou [\u025b] &#8211; selon la prononciation locale) qui jouent des r\u00f4les particuli\u00e8rement divers. Lors des le\u00e7ons consacr\u00e9es \u00e0 ces collectes, les \u00e9l\u00e8ves produisent des [&hellip;]<\/p>\n","protected":false},"author":4,"featured_media":0,"parent":0,"menu_order":0,"comment_status":"closed","ping_status":"closed","template":"","meta":{"footnotes":""},"class_list":["post-3339","page","type-page","status-publish","hentry"],"_links":{"self":[{"href":"https:\/\/la-petite-fabrique-de-grammaire.fr\/index.php?rest_route=\/wp\/v2\/pages\/3339","targetHints":{"allow":["GET"]}}],"collection":[{"href":"https:\/\/la-petite-fabrique-de-grammaire.fr\/index.php?rest_route=\/wp\/v2\/pages"}],"about":[{"href":"https:\/\/la-petite-fabrique-de-grammaire.fr\/index.php?rest_route=\/wp\/v2\/types\/page"}],"author":[{"embeddable":true,"href":"https:\/\/la-petite-fabrique-de-grammaire.fr\/index.php?rest_route=\/wp\/v2\/users\/4"}],"replies":[{"embeddable":true,"href":"https:\/\/la-petite-fabrique-de-grammaire.fr\/index.php?rest_route=%2Fwp%2Fv2%2Fcomments&post=3339"}],"version-history":[{"count":15,"href":"https:\/\/la-petite-fabrique-de-grammaire.fr\/index.php?rest_route=\/wp\/v2\/pages\/3339\/revisions"}],"predecessor-version":[{"id":4865,"href":"https:\/\/la-petite-fabrique-de-grammaire.fr\/index.php?rest_route=\/wp\/v2\/pages\/3339\/revisions\/4865"}],"wp:attachment":[{"href":"https:\/\/la-petite-fabrique-de-grammaire.fr\/index.php?rest_route=%2Fwp%2Fv2%2Fmedia&parent=3339"}],"curies":[{"name":"wp","href":"https:\/\/api.w.org\/{rel}","templated":true}]}}