{"id":2897,"date":"2024-03-15T09:31:01","date_gmt":"2024-03-15T08:31:01","guid":{"rendered":"https:\/\/la-petite-fabrique-de-grammaire.fr\/?page_id=2897"},"modified":"2024-08-30T09:56:11","modified_gmt":"2024-08-30T07:56:11","slug":"les-embrayeurs-2","status":"publish","type":"page","link":"https:\/\/la-petite-fabrique-de-grammaire.fr\/?page_id=2897","title":{"rendered":"Les embrayeurs"},"content":{"rendered":"<p>&nbsp;<\/p>\n<p><strong>QU&rsquo;EST-CE QU&rsquo;UN \u00ab\u00a0EMBRAYEUR\u00a0\u00bb ?<\/strong><\/p>\n<p>&nbsp;<\/p>\n<p>On appelle ainsi, \u00e0 la suite de Benveniste, les mots qui ne sont interpr\u00e9tables qu&rsquo;en relation avec la situation d&rsquo;\u00e9nonciation\u00a0: leur sens change selon qui parle, le moment et le lieu o\u00f9 il parle.<br \/>\nIl s&rsquo;agit des pronoms des personnes 1 <span style=\"color: #3366ff;\">(<em>je<\/em>),<\/span> 2 <span style=\"color: #3366ff;\">(<em>tu<\/em>),<\/span> 4 <span style=\"color: #3366ff;\">(<em>nous<\/em>)<\/span> et 5 <span style=\"color: #3366ff;\">(<em>vous<\/em>)<\/span> ; des possessifs\u00a0\u00e0 ces m\u00eames personnes ; de certains indicateurs de temps (<span style=\"color: #3366ff;\"><em>aujourd&rsquo;hui<\/em>, <em>maintenant<\/em>, <em>il y a trois jours<\/em>\u2026<\/span>) ou de lieu (<span style=\"color: #3366ff;\"><em>ici<\/em>, <em>l\u00e0<\/em>&#8211;<em>bas<\/em>, <em>juste<\/em> <em>\u00e0 deux pas, \u00e0 droite<\/em>\u2026<\/span>) ; de certains d\u00e9monstratifs (ceux qu\u2019on appelle \u00ab\u00a0d\u00e9ictiques\u00a0\u00bb, qui s&rsquo;accompagnent d&rsquo;un geste pour montrer : <em>celui<\/em>&#8211;<em>ci<\/em>\u2026). Ils permettent d\u2019 \u00ab\u00a0embrayer\u00a0\u00bb, d\u2019articuler une information \u00e0 la situation concr\u00e8te o\u00f9 a lieu la prise de parole.<\/p>\n<p>\u00c0 ces embrayeurs, on oppose les pronoms des personnes 3 (<span style=\"color: #3366ff;\"><em>il \/ elle<\/em><\/span>) et 6 (<span style=\"color: #3366ff;\"><em>ils \/ elles<\/em><\/span>) ; les rep\u00e8res absolus de temps (la date), de lieu (la localisation) ; les d\u00e9monstratifs quand ils renvoient \u00e0 des \u00e9l\u00e9ments qui ont \u00e9t\u00e9 pr\u00e9cis\u00e9s auparavant (on les appelle alors \u00ab anaphoriques \u00bb par opposition aux \u00ab d\u00e9ictiques \u00bb)\u2026 Ils permettent d&rsquo;effacer la r\u00e9f\u00e9rence \u00e0 une position d&rsquo;\u00e9nonciation (voir la page <a href=\"https:\/\/la-petite-fabrique-de-grammaire.fr\/?page_id=2599\" target=\"_blank\" rel=\"noopener\"><em>Quelques jalons de l&rsquo;histoire de la grammaire<\/em><\/a>, point 5)<\/p>\n<p>Ces \u00e9l\u00e9ments fondent l&rsquo;opposition entre les \u00e9nonc\u00e9s ancr\u00e9s dans une situation concr\u00e8te de prise de parole (l&rsquo;\u00e9nonciation) et les \u00e9nonc\u00e9s qui ne le sont pas (Benveniste parle de \u00ab discours \u00bb pour les premiers et de \u00ab r\u00e9cit \u00bb pour les seconds).<\/p>\n<p>&nbsp;<\/p>\n<p><strong>En classe<\/strong>, il faut souvent porter attention aux embrayeurs tels que les pronoms personnels, les indicateurs de temps\u2026<\/p>\n<p>Quand on demande aux \u00e9l\u00e8ves de trouver si une page de r\u00e9cit est \u00ab\u00a0en <em>il<\/em> \u00bb (si le narrateur est ext\u00e9rieur \u00e0 l\u2019histoire, si l&rsquo;\u00e9nonciation est effac\u00e9e) ou s\u2019il est \u00ab en <em>je<\/em> \u00bb (si le narrateur fait partie des personnages, si la fiction construit une prise de parole imaginaire), on leur demande de prendre en compte le jeu des embrayeurs pour en assurer l&rsquo;interpr\u00e9tation.<\/p>\n<p>De m\u00eame, un passage en discours direct (des paroles de personnages, ou un \u00e9change de th\u00e9\u00e2tre\u00a0: <em>\u00ab\u00a0<span style=\"color: #3366ff;\">Je viendrai s\u00fbrement demain\u00a0\u00bb, me dit-elle.<\/span>)<\/em> s\u2019oppose \u00e0 un passage en discours indirect (les m\u00eames paroles redites par un autre\u00a0: <span style=\"color: #3366ff;\"><em>Elle m\u2019avait dit qu\u2019elle viendrait s\u00fbrement le lendemain<\/em><\/span>.) par une transposition qui touche les pronoms, les formes verbales et les embrayeurs.<\/p>\n","protected":false},"excerpt":{"rendered":"<p>&nbsp; QU&rsquo;EST-CE QU&rsquo;UN \u00ab\u00a0EMBRAYEUR\u00a0\u00bb ? &nbsp; On appelle ainsi, \u00e0 la suite de Benveniste, les mots qui ne sont interpr\u00e9tables qu&rsquo;en relation avec la situation d&rsquo;\u00e9nonciation\u00a0: leur sens change selon qui parle, le moment et le lieu o\u00f9 il parle. Il s&rsquo;agit des pronoms des personnes 1 (je), 2 (tu), 4 (nous) et 5 (vous) [&hellip;]<\/p>\n","protected":false},"author":4,"featured_media":0,"parent":0,"menu_order":0,"comment_status":"closed","ping_status":"closed","template":"","meta":{"footnotes":""},"class_list":["post-2897","page","type-page","status-publish","hentry"],"_links":{"self":[{"href":"https:\/\/la-petite-fabrique-de-grammaire.fr\/index.php?rest_route=\/wp\/v2\/pages\/2897","targetHints":{"allow":["GET"]}}],"collection":[{"href":"https:\/\/la-petite-fabrique-de-grammaire.fr\/index.php?rest_route=\/wp\/v2\/pages"}],"about":[{"href":"https:\/\/la-petite-fabrique-de-grammaire.fr\/index.php?rest_route=\/wp\/v2\/types\/page"}],"author":[{"embeddable":true,"href":"https:\/\/la-petite-fabrique-de-grammaire.fr\/index.php?rest_route=\/wp\/v2\/users\/4"}],"replies":[{"embeddable":true,"href":"https:\/\/la-petite-fabrique-de-grammaire.fr\/index.php?rest_route=%2Fwp%2Fv2%2Fcomments&post=2897"}],"version-history":[{"count":7,"href":"https:\/\/la-petite-fabrique-de-grammaire.fr\/index.php?rest_route=\/wp\/v2\/pages\/2897\/revisions"}],"predecessor-version":[{"id":5584,"href":"https:\/\/la-petite-fabrique-de-grammaire.fr\/index.php?rest_route=\/wp\/v2\/pages\/2897\/revisions\/5584"}],"wp:attachment":[{"href":"https:\/\/la-petite-fabrique-de-grammaire.fr\/index.php?rest_route=%2Fwp%2Fv2%2Fmedia&parent=2897"}],"curies":[{"name":"wp","href":"https:\/\/api.w.org\/{rel}","templated":true}]}}

<p>&nbsp;</p>
<p><strong>QU&rsquo;EST-CE QU&rsquo;UN « EMBRAYEUR » ?</strong></p>
<p>&nbsp;</p>
<p>On appelle ainsi, à la suite de Benveniste, les mots qui ne sont interprétables qu&rsquo;en relation avec la situation d&rsquo;énonciation : leur sens change selon qui parle, le moment et le lieu où il parle.<br />
Il s&rsquo;agit des pronoms des personnes 1 <span style="color: #3366ff;">(<em>je</em>),</span> 2 <span style="color: #3366ff;">(<em>tu</em>),</span> 4 <span style="color: #3366ff;">(<em>nous</em>)</span> et 5 <span style="color: #3366ff;">(<em>vous</em>)</span> ; des possessifs à ces mêmes personnes ; de certains indicateurs de temps (<span style="color: #3366ff;"><em>aujourd&rsquo;hui</em>, <em>maintenant</em>, <em>il y a trois jours</em>…</span>) ou de lieu (<span style="color: #3366ff;"><em>ici</em>, <em>là</em>&#8211;<em>bas</em>, <em>juste</em> <em>à deux pas, à droite</em>…</span>) ; de certains démonstratifs (ceux qu’on appelle « déictiques », qui s&rsquo;accompagnent d&rsquo;un geste pour montrer : <em>celui</em>&#8211;<em>ci</em>…). Ils permettent d’ « embrayer », d’articuler une information à la situation concrète où a lieu la prise de parole.</p>
<p>À ces embrayeurs, on oppose les pronoms des personnes 3 (<span style="color: #3366ff;"><em>il / elle</em></span>) et 6 (<span style="color: #3366ff;"><em>ils / elles</em></span>) ; les repères absolus de temps (la date), de lieu (la localisation) ; les démonstratifs quand ils renvoient à des éléments qui ont été précisés auparavant (on les appelle alors « anaphoriques » par opposition aux « déictiques »)… Ils permettent d&rsquo;effacer la référence à une position d&rsquo;énonciation (voir la page <a href="https://la-petite-fabrique-de-grammaire.fr/?page_id=2599" target="_blank" rel="noopener"><em>Quelques jalons de l&rsquo;histoire de la grammaire</em></a>, point 5)</p>
<p>Ces éléments fondent l&rsquo;opposition entre les énoncés ancrés dans une situation concrète de prise de parole (l&rsquo;énonciation) et les énoncés qui ne le sont pas (Benveniste parle de « discours » pour les premiers et de « récit » pour les seconds).</p>
<p>&nbsp;</p>
<p><strong>En classe</strong>, il faut souvent porter attention aux embrayeurs tels que les pronoms personnels, les indicateurs de temps…</p>
<p>Quand on demande aux élèves de trouver si une page de récit est « en <em>il</em> » (si le narrateur est extérieur à l’histoire, si l&rsquo;énonciation est effacée) ou s’il est « en <em>je</em> » (si le narrateur fait partie des personnages, si la fiction construit une prise de parole imaginaire), on leur demande de prendre en compte le jeu des embrayeurs pour en assurer l&rsquo;interprétation.</p>
<p>De même, un passage en discours direct (des paroles de personnages, ou un échange de théâtre : <em>« <span style="color: #3366ff;">Je viendrai sûrement demain », me dit-elle.</span>)</em> s’oppose à un passage en discours indirect (les mêmes paroles redites par un autre : <span style="color: #3366ff;"><em>Elle m’avait dit qu’elle viendrait sûrement le lendemain</em></span>.) par une transposition qui touche les pronoms, les formes verbales et les embrayeurs.</p>

<p>&nbsp; QU&rsquo;EST-CE QU&rsquo;UN « EMBRAYEUR » ? &nbsp; On appelle ainsi, à la suite de Benveniste, les mots qui ne sont interprétables qu&rsquo;en relation avec la situation d&rsquo;énonciation : leur sens change selon qui parle, le moment et le lieu où il parle. Il s&rsquo;agit des pronoms des personnes 1 (je), 2 (tu), 4 (nous) et 5 (vous) [&hellip;]</p>
