{"id":2590,"date":"2024-03-11T11:21:31","date_gmt":"2024-03-11T10:21:31","guid":{"rendered":"https:\/\/la-petite-fabrique-de-grammaire.fr\/?page_id=2590"},"modified":"2024-12-12T11:00:49","modified_gmt":"2024-12-12T10:00:49","slug":"la-fonction-dun-mot-2","status":"publish","type":"page","link":"https:\/\/la-petite-fabrique-de-grammaire.fr\/?page_id=2590","title":{"rendered":"La fonction d&rsquo;un mot"},"content":{"rendered":"<p>&nbsp;<\/p>\n<p style=\"text-align: justify;\"><strong>QU&rsquo;EST-CE QUE LA FONCTION D&rsquo;UN MOT ?<\/strong><\/p>\n<p><em><strong>Des expressions concurrentes<\/strong><\/em><\/p>\n<p style=\"text-align: justify;\">Le mot de \u00ab fonction \u00bb est celui qu\u2019on utilise souvent pour d\u00e9signer la position dans l\u2019architecture de la phrase ou le r\u00f4le syntaxique que joue le mot dans la phrase.<br \/>\nIl y a donc en fait trois images en concurrence pour d\u00e9crire une phrase :<br \/>\n-&gt; la phrase peut \u00eatre vue comme <em><strong>une machine (ou un organisme)<\/strong><\/em>, qui vise une certaine efficacit\u00e9 dans l&rsquo;apport d&rsquo;information. Les mots ont une fonction \u00e0 remplir pour servir l\u2019utilit\u00e9 (ou la viabilit\u00e9) de l\u2019ensemble ;<br \/>\n-&gt; la phrase peut \u00eatre vue comme <em><strong>un \u00e9difice complexe<\/strong><\/em>, avec des corps de b\u00e2timent principaux, des ailes, des enfilades de pi\u00e8ces, dont l\u2019architecture renvoie \u00e0 des plans pr\u00e9\u00e9tablis : une phrase se construit de telle ou telle mani\u00e8re (par exemple : <em>groupe sujet + groupe du verbe : <span style=\"color: #3366ff;\">tu manges une pomme <\/span><\/em>;\u00a0<em>mot interrogatif + verbe + pronom :<span style=\"color: #3366ff;\"> que manges-tu ? <\/span><\/em>;<em> groupe compl\u00e9ment circonstanciel + verbe + groupe sujet <\/em>:<em> <span style=\"color: #3366ff;\">au bord du fleuve vivaient des ca\u00efmans redoutables<\/span><\/em>&#8230;) et sur ces sch\u00e9mas de base le locuteur n\u2019a pas totalement le pouvoir. Le mot occupe alors une place dans la construction de la phrase telle qu&rsquo;elle est \u00e9tablie ;<br \/>\n-&gt; la phrase peut \u00eatre vue comme <em><strong>une repr\u00e9sentation<\/strong><\/em> th\u00e9\u00e2trale qui met en \u0153uvre une dynamique propre (pour enr\u00f4ler l\u2019auditeur, cr\u00e9er une attente\u2026). Les mots ont alors un r\u00f4le \u00e0 tenir. <\/br>Ainsi, dans la phrase <span style=\"color: #3366ff;\">Rostropovitch \u00e9tait un musicien remarquable<\/span>, le mot <em>remarquable<\/em> a :<br \/>\n&#8211; une fonction : il est l&rsquo;\u00e9pith\u00e8te qualificative du mot <em>musicien<\/em> et sans lui la s\u00e9quence <em>\u00eatre + attribut<\/em> n&rsquo;aurait plus le m\u00eame sens (elle aurait juste \u00e9nonc\u00e9 une cat\u00e9gorisation : <em>Rostropovitch \u00e9tait un musicien<\/em>) ;<br \/>\n&#8211; une place dans la construction de la phrase : il appartient au groupe nominal attribut <em>un musicien remarquable<\/em> dont il est une expansion ;<br \/>\n&#8211; un r\u00f4le : il exprime le jugement que porte l&rsquo;\u00e9nonciateur de la phrase sur ce musicien, il est l&rsquo;essentiel de ce qu&rsquo;il y avait \u00e0 dire.<\/p>\n<p style=\"text-align: justify;\">Mais en r\u00e9alit\u00e9 il ne faut pas trop pousser la valeur de ces images : les trois expressions de <strong><em>fonction d\u2019un mot<\/em><\/strong>, de <strong><em>position dans la phrase<\/em><\/strong> ou de <strong><em>r\u00f4le syntaxique<\/em><\/strong> sont largement synonymes. Elles peuvent chacune servir \u00e0 l&rsquo;essentiel : d\u00e9signer les liens (ou les positions hi\u00e9rarchiques) entre les mots dans la phrase : lien entre le sujet et le verbe, lien entre le nom et le d\u00e9terminant, entre le nom et les expansions du groupe nominal (adjectif, compl\u00e9ment ou proposition subordonn\u00e9e relative), lien entre le verbe et les compl\u00e9ments du verbe, lien entre un groupe nominal et l\u2019ensemble de la phrase (compl\u00e9ment circonstanciel de phrase), etc.<\/p>\n<p><em><strong>Mais l&rsquo;une est pr\u00e9f\u00e9rable aux autres<\/strong><\/em><\/p>\n<p style=\"text-align: justify;\">Parler de \u00ab fonction \u00bb revient \u00e0 regarder la phrase comme un ensemble de mots qui, conjointement, font sens. Cela convient bien \u00e0 la structure du latin &#8211; le mot de fonction vient de la grammaire latine. Dans cette langue, comme dans toutes les langues \u00e0 d\u00e9clinaison, le mot lui-m\u00eame varie selon sa fonction (sujet : <span style=\"color: #0000ff;\">Petrus<\/span> \/ COD : <span style=\"color: #0000ff;\">Petrum<\/span> \/ CdN : <span style=\"color: #0000ff;\">Petri<\/span> \/ COI : <span style=\"color: #0000ff;\">Petro\u2026)<\/span> : le lien avec les autres mots est inscrit dans le mot lui-m\u00eame. Il est alors pertinent de se demander quelle est la fonction d&rsquo;un mot : rien qu&rsquo;\u00e0 le voir, on peut r\u00e9pondre \u00e0 la question. La place des mots n&rsquo;a pas de valeur syntaxique, elle n&rsquo;ob\u00e9it qu&rsquo;\u00e0 des effets de style :<br \/>\n<span style=\"color: #3366ff;\">Petrus librum Paulo dat<\/span>\u00a0(Pierre donne un livre \u00e0 Paul).<br \/>\n<span style=\"color: #3366ff;\">Dat Petrus librum Paulo<\/span>\u00a0(Pierre fait don \u00e0 Paul d&rsquo;un livre).<br \/>\n<span style=\"color: #3366ff;\">Librum Petrus Paulo dat<\/span>\u00a0(Le livre, Pierre le donne \u00e0 Paul).<\/p>\n<p style=\"text-align: justify;\">En fran\u00e7ais, la phrase est construite autrement ; elle r\u00e9pond \u00e0 des prototypes relativement fig\u00e9s : c\u2019est la place (ou l\u2019adjonction de mots grammaticaux comme les pr\u00e9positions) qui signalent la fonction d\u2019un mot. Il convient donc plut\u00f4t de regarder la phrase comme une construction qui se r\u00e9alise dans des mots. Plut\u00f4t que de parler de <em><strong>fonction<\/strong><\/em> des mots, il est plus rigoureux de parler de la <em><strong>place dans la construction de la phrase<\/strong><\/em>. Mieux vaut r\u00e9server le terme de <em>fonction<\/em> au moment o\u00f9 l&rsquo;on en est venu \u00e0 s&rsquo;interroger sur un mot particulier et mieux vaut l&rsquo;\u00e9viter quand on cherche seulement \u00e0 d\u00e9brouiller une phrase.<\/p>\n<p style=\"text-align: justify;\">En tout cas, quels que soient les termes employ\u00e9s, il faut prendre garde que l\u2019\u00e9tiquetage selon l&rsquo;abondante liste des noms qui d\u00e9signent les fonctions (sujet, compl\u00e9ment d\u2019objet direct ou indirect, compl\u00e9ment d&rsquo;objet second, compl\u00e9ment circonstanciel, attribut, \u00e9pith\u00e8te, d\u00e9terminant\u2026 etc.) ne vienne pas masquer les interd\u00e9pendances qui font la phrase. Voir la page <a href=\"https:\/\/la-petite-fabrique-de-grammaire.fr\/?page_id=4691\" target=\"_blank\" rel=\"noopener\"><em>Analyser l&rsquo;architecture de la phrase pour en trouver les \u00e9l\u00e9ments<\/em><\/a>.<\/p>\n<p>&nbsp;<\/p>\n<p style=\"text-align: justify;\"><strong>En classe<\/strong>, quand on demande aux \u00e9l\u00e8ves d\u2019identifier la fonction de tel ou tel mot (par exemple du mot <em>Fran\u00e7oise<\/em> dans <span style=\"color: #0000ff;\">La classe de Fran\u00e7oise se met au travail<\/span>), ou quand on demande de trouver quel mot remplit telle ou telle fonction (par exemple : quel mot est compl\u00e9ment du nom ?), on leur demande en fait de surplomber la construction de l\u2019ensemble de la phrase. C\u2019est alors le rep\u00e9rage des groupes qui permet d\u2019\u00e9laborer une r\u00e9ponse assur\u00e9e, et non pas la s\u00e9lection pertinente dans une liste des fonctions possibles :<br \/>\n<img decoding=\"async\" src=\"http:\/\/la-petite-fabrique-de-grammaire.fr\/wp-content\/uploads\/2024\/02\/Capture-decran-2024-02-07-a-20.59.53-1.png\" alt=\"\" \/><\/p>\n","protected":false},"excerpt":{"rendered":"<p>&nbsp; QU&rsquo;EST-CE QUE LA FONCTION D&rsquo;UN MOT ? Des expressions concurrentes Le mot de \u00ab fonction \u00bb est celui qu\u2019on utilise souvent pour d\u00e9signer la position dans l\u2019architecture de la phrase ou le r\u00f4le syntaxique que joue le mot dans la phrase. Il y a donc en fait trois images en concurrence pour d\u00e9crire une [&hellip;]<\/p>\n","protected":false},"author":1,"featured_media":0,"parent":0,"menu_order":0,"comment_status":"closed","ping_status":"closed","template":"","meta":{"footnotes":""},"class_list":["post-2590","page","type-page","status-publish","hentry"],"_links":{"self":[{"href":"https:\/\/la-petite-fabrique-de-grammaire.fr\/index.php?rest_route=\/wp\/v2\/pages\/2590","targetHints":{"allow":["GET"]}}],"collection":[{"href":"https:\/\/la-petite-fabrique-de-grammaire.fr\/index.php?rest_route=\/wp\/v2\/pages"}],"about":[{"href":"https:\/\/la-petite-fabrique-de-grammaire.fr\/index.php?rest_route=\/wp\/v2\/types\/page"}],"author":[{"embeddable":true,"href":"https:\/\/la-petite-fabrique-de-grammaire.fr\/index.php?rest_route=\/wp\/v2\/users\/1"}],"replies":[{"embeddable":true,"href":"https:\/\/la-petite-fabrique-de-grammaire.fr\/index.php?rest_route=%2Fwp%2Fv2%2Fcomments&post=2590"}],"version-history":[{"count":41,"href":"https:\/\/la-petite-fabrique-de-grammaire.fr\/index.php?rest_route=\/wp\/v2\/pages\/2590\/revisions"}],"predecessor-version":[{"id":6056,"href":"https:\/\/la-petite-fabrique-de-grammaire.fr\/index.php?rest_route=\/wp\/v2\/pages\/2590\/revisions\/6056"}],"wp:attachment":[{"href":"https:\/\/la-petite-fabrique-de-grammaire.fr\/index.php?rest_route=%2Fwp%2Fv2%2Fmedia&parent=2590"}],"curies":[{"name":"wp","href":"https:\/\/api.w.org\/{rel}","templated":true}]}}

<p>&nbsp;</p>
<p style="text-align: justify;"><strong>QU&rsquo;EST-CE QUE LA FONCTION D&rsquo;UN MOT ?</strong></p>
<p><em><strong>Des expressions concurrentes</strong></em></p>
<p style="text-align: justify;">Le mot de « fonction » est celui qu’on utilise souvent pour désigner la position dans l’architecture de la phrase ou le rôle syntaxique que joue le mot dans la phrase.<br />
Il y a donc en fait trois images en concurrence pour décrire une phrase :<br />
-&gt; la phrase peut être vue comme <em><strong>une machine (ou un organisme)</strong></em>, qui vise une certaine efficacité dans l&rsquo;apport d&rsquo;information. Les mots ont une fonction à remplir pour servir l’utilité (ou la viabilité) de l’ensemble ;<br />
-&gt; la phrase peut être vue comme <em><strong>un édifice complexe</strong></em>, avec des corps de bâtiment principaux, des ailes, des enfilades de pièces, dont l’architecture renvoie à des plans préétablis : une phrase se construit de telle ou telle manière (par exemple : <em>groupe sujet + groupe du verbe : <span style="color: #3366ff;">tu manges une pomme </span></em>; <em>mot interrogatif + verbe + pronom :<span style="color: #3366ff;"> que manges-tu ? </span></em>;<em> groupe complément circonstanciel + verbe + groupe sujet </em>:<em> <span style="color: #3366ff;">au bord du fleuve vivaient des caïmans redoutables</span></em>&#8230;) et sur ces schémas de base le locuteur n’a pas totalement le pouvoir. Le mot occupe alors une place dans la construction de la phrase telle qu&rsquo;elle est établie ;<br />
-&gt; la phrase peut être vue comme <em><strong>une représentation</strong></em> théâtrale qui met en œuvre une dynamique propre (pour enrôler l’auditeur, créer une attente…). Les mots ont alors un rôle à tenir. </br>Ainsi, dans la phrase <span style="color: #3366ff;">Rostropovitch était un musicien remarquable</span>, le mot <em>remarquable</em> a :<br />
&#8211; une fonction : il est l&rsquo;épithète qualificative du mot <em>musicien</em> et sans lui la séquence <em>être + attribut</em> n&rsquo;aurait plus le même sens (elle aurait juste énoncé une catégorisation : <em>Rostropovitch était un musicien</em>) ;<br />
&#8211; une place dans la construction de la phrase : il appartient au groupe nominal attribut <em>un musicien remarquable</em> dont il est une expansion ;<br />
&#8211; un rôle : il exprime le jugement que porte l&rsquo;énonciateur de la phrase sur ce musicien, il est l&rsquo;essentiel de ce qu&rsquo;il y avait à dire.</p>
<p style="text-align: justify;">Mais en réalité il ne faut pas trop pousser la valeur de ces images : les trois expressions de <strong><em>fonction d’un mot</em></strong>, de <strong><em>position dans la phrase</em></strong> ou de <strong><em>rôle syntaxique</em></strong> sont largement synonymes. Elles peuvent chacune servir à l&rsquo;essentiel : désigner les liens (ou les positions hiérarchiques) entre les mots dans la phrase : lien entre le sujet et le verbe, lien entre le nom et le déterminant, entre le nom et les expansions du groupe nominal (adjectif, complément ou proposition subordonnée relative), lien entre le verbe et les compléments du verbe, lien entre un groupe nominal et l’ensemble de la phrase (complément circonstanciel de phrase), etc.</p>
<p><em><strong>Mais l&rsquo;une est préférable aux autres</strong></em></p>
<p style="text-align: justify;">Parler de « fonction » revient à regarder la phrase comme un ensemble de mots qui, conjointement, font sens. Cela convient bien à la structure du latin &#8211; le mot de fonction vient de la grammaire latine. Dans cette langue, comme dans toutes les langues à déclinaison, le mot lui-même varie selon sa fonction (sujet : <span style="color: #0000ff;">Petrus</span> / COD : <span style="color: #0000ff;">Petrum</span> / CdN : <span style="color: #0000ff;">Petri</span> / COI : <span style="color: #0000ff;">Petro…)</span> : le lien avec les autres mots est inscrit dans le mot lui-même. Il est alors pertinent de se demander quelle est la fonction d&rsquo;un mot : rien qu&rsquo;à le voir, on peut répondre à la question. La place des mots n&rsquo;a pas de valeur syntaxique, elle n&rsquo;obéit qu&rsquo;à des effets de style :<br />
<span style="color: #3366ff;">Petrus librum Paulo dat</span> (Pierre donne un livre à Paul).<br />
<span style="color: #3366ff;">Dat Petrus librum Paulo</span> (Pierre fait don à Paul d&rsquo;un livre).<br />
<span style="color: #3366ff;">Librum Petrus Paulo dat</span> (Le livre, Pierre le donne à Paul).</p>
<p style="text-align: justify;">En français, la phrase est construite autrement ; elle répond à des prototypes relativement figés : c’est la place (ou l’adjonction de mots grammaticaux comme les prépositions) qui signalent la fonction d’un mot. Il convient donc plutôt de regarder la phrase comme une construction qui se réalise dans des mots. Plutôt que de parler de <em><strong>fonction</strong></em> des mots, il est plus rigoureux de parler de la <em><strong>place dans la construction de la phrase</strong></em>. Mieux vaut réserver le terme de <em>fonction</em> au moment où l&rsquo;on en est venu à s&rsquo;interroger sur un mot particulier et mieux vaut l&rsquo;éviter quand on cherche seulement à débrouiller une phrase.</p>
<p style="text-align: justify;">En tout cas, quels que soient les termes employés, il faut prendre garde que l’étiquetage selon l&rsquo;abondante liste des noms qui désignent les fonctions (sujet, complément d’objet direct ou indirect, complément d&rsquo;objet second, complément circonstanciel, attribut, épithète, déterminant… etc.) ne vienne pas masquer les interdépendances qui font la phrase. Voir la page <a href="https://la-petite-fabrique-de-grammaire.fr/?page_id=4691" target="_blank" rel="noopener"><em>Analyser l&rsquo;architecture de la phrase pour en trouver les éléments</em></a>.</p>
<p>&nbsp;</p>
<p style="text-align: justify;"><strong>En classe</strong>, quand on demande aux élèves d’identifier la fonction de tel ou tel mot (par exemple du mot <em>Françoise</em> dans <span style="color: #0000ff;">La classe de Françoise se met au travail</span>), ou quand on demande de trouver quel mot remplit telle ou telle fonction (par exemple : quel mot est complément du nom ?), on leur demande en fait de surplomber la construction de l’ensemble de la phrase. C’est alors le repérage des groupes qui permet d’élaborer une réponse assurée, et non pas la sélection pertinente dans une liste des fonctions possibles :<br />
<img decoding="async" src="http://la-petite-fabrique-de-grammaire.fr/wp-content/uploads/2024/02/Capture-decran-2024-02-07-a-20.59.53-1.png" alt="" /></p>

<p>&nbsp; QU&rsquo;EST-CE QUE LA FONCTION D&rsquo;UN MOT ? Des expressions concurrentes Le mot de « fonction » est celui qu’on utilise souvent pour désigner la position dans l’architecture de la phrase ou le rôle syntaxique que joue le mot dans la phrase. Il y a donc en fait trois images en concurrence pour décrire une [&hellip;]</p>
