{"id":2587,"date":"2024-03-11T11:20:56","date_gmt":"2024-03-11T10:20:56","guid":{"rendered":"https:\/\/la-petite-fabrique-de-grammaire.fr\/?page_id=2587"},"modified":"2024-09-29T15:03:51","modified_gmt":"2024-09-29T13:03:51","slug":"la-nature-dun-mot-2","status":"publish","type":"page","link":"https:\/\/la-petite-fabrique-de-grammaire.fr\/?page_id=2587","title":{"rendered":"La \u00ab\u00a0nature\u00a0\u00bb d&rsquo;un mot"},"content":{"rendered":"<p style=\"text-align: justify;\"><strong>LES MOTS ONT-ILS UNE \u00ab\u00a0NATURE\u00a0\u00bb OU APPARTIENNENT-ILS \u00c0 UNE \u00ab\u00a0CLASSE GRAMMATICALE\u00a0\u00bb ?<\/strong><\/p>\r\n<p style=\"text-align: justify;\">Les deux expressions de \u00ab\u00a0nature\u00a0\u00bb et de \u00ab\u00a0classe grammaticale\u00a0\u00bb semblent parfois synonymes. L\u2019une et l\u2019autre associent la morphologie d\u2019un mot et les positions qu\u2019il peut occuper dans l\u2019architecture de la phrase.<\/p>\r\n<p style=\"text-align: justify;\">Les mots n\u2019ont pas tous le m\u00eame nombre de formes sous lesquelles ils peuvent apparaitre. Les noms en ont g\u00e9n\u00e9ralement deux <span style=\"color: #0000ff;\">(<\/span><em><span style=\"color: #0000ff;\">ch\u00e8vre<\/span> \/ <span style=\"color: #0000ff;\">ch\u00e8vres<\/span><\/em><span style=\"color: #0000ff;\">),<\/span> les adjectifs en ont souvent deux <span style=\"color: #0000ff;\">(<\/span><em><span style=\"color: #0000ff;\">simple<\/span> \/ <span style=\"color: #0000ff;\">simples<\/span><\/em><span style=\"color: #0000ff;\">)<\/span> mais peuvent en avoir jusqu&rsquo;\u00e0 quatre <span style=\"color: #0000ff;\">(<\/span><em><span style=\"color: #0000ff;\">fort<\/span> \/ <span style=\"color: #0000ff;\">forts<\/span> \/ <span style=\"color: #0000ff;\">forte<\/span> \/ <span style=\"color: #0000ff;\">fortes<\/span><\/em><span style=\"color: #0000ff;\">),<\/span> le d\u00e9terminant possessif une quinzaine <span style=\"color: #0000ff;\">(<em>mon<\/em><\/span> \/ <span style=\"color: #0000ff;\"><em>ma<\/em><\/span> \/ <span style=\"color: #0000ff;\"><em>mes<\/em><\/span> \/ <span style=\"color: #0000ff;\"><em>ton<\/em><\/span> \/ <em><span style=\"color: #0000ff;\">ta<\/span> \/ <span style=\"color: #0000ff;\">tes<\/span> \/ <span style=\"color: #0000ff;\">son<\/span> \/ <span style=\"color: #0000ff;\">sa<\/span><\/em><span style=\"color: #0000ff;\">\u2026),<\/span> les verbes plusieurs dizaines, etc. La vari\u00e9t\u00e9 des formes d\u2019un mot est en lien, bien s\u00fbr, avec les configurations syntaxiques o\u00f9 il peut \u00eatre employ\u00e9. Par exemple, la variabilit\u00e9 de l\u2019adjectif en genre et en nombre le rend apte \u00e0 manifester son lien avec un nom, qu&rsquo;il soit masculin ou f\u00e9minin ; la variabilit\u00e9 du d\u00e9terminant possessif en personne le rend capable de manifester son lien avec un possesseur identifiable dans la situation d&rsquo;\u00e9nonciation\u2026 Sym\u00e9triquement, il importe que le pronom varie selon sa fonction pour qu\u2019on puisse bien distinguer les constructions verbales diff\u00e9rentes, par exemple, <em>j<span style=\"color: #0000ff;\">e l\u2019ai caus\u00e9<\/span> (cet accident)<\/em> et <em><span style=\"color: #0000ff;\">je lui ai caus\u00e9<\/span> (\u00e0 ce douteux personnage).<\/em> Ainsi il y a un rapport relativement \u00e9troit entre la description morphologique qu\u2019on peut faire d\u2019un mot et les fonctions syntaxiques qu\u2019il peut assurer. Et c\u2019est autour de ce rapport que s\u2019organise une m\u00e9moire lexicale\u00a0: les mots sont rang\u00e9s selon leurs variations morphologiques (noms, adjectifs, verbes\u2026) et leurs \u00e9ventuels emplois syntaxiques (nom\u00a0: sujet ou compl\u00e9ment\u00a0; adjectif\u00a0: \u00e9pith\u00e8te ou attribut\u00a0; verbe\u00a0: pivot du groupe verbal\u2026).<\/p>\r\n<p style=\"text-align: justify;\">Traditionnellement, <strong><em>on nomme \u00ab nature \u00bb d\u2019un mot la combinaison de ses deux facettes, la facette morphologique et la facette syntaxique<\/em><\/strong> : la \u00ab nature \u00bb d\u2019un mot fonctionne comme une sorte de carte d\u2019identit\u00e9 qui permet une pr\u00e9diction. Ainsi un mot qui offre quatre formes possibles (c\u2019est-\u00e0-dire : un adjectif) est susceptible de s\u2019accorder avec un nom, en position d\u2019\u00e9pith\u00e8te ou d\u2019attribut. Sym\u00e9triquement, un mot qui appartient au m\u00eame groupe qu\u2019un nom est susceptible de varier en genre et en nombre.<\/p>\r\n<p style=\"text-align: justify;\">Cependant, le terme de \u00ab\u00a0nature\u00a0\u00bb sugg\u00e8re un lien n\u00e9cessaire\u00a0: les \u00ab\u00a0lois naturelles\u00a0\u00bb sont celles auxquelles rien ni personne ne peut \u00e9chapper. Or la langue offre davantage de souplesse. Par exemple, <span style=\"color: #0000ff;\"><em>fort<\/em><\/span> et <span style=\"color: #0000ff;\"><em>bleu<\/em><\/span> sont r\u00e9put\u00e9s \u00eatre des adjectifs puisqu&rsquo;ils pr\u00e9sentent quatre formes. Comme tels ils devraient \u00eatre en relation avec des noms. C&rsquo;est souvent vrai, mais ce n&rsquo;est pas le cas dans : <span style=\"color: #0000ff;\"><em>Le maitre parle fort<\/em> <\/span>ou <span style=\"color: #0000ff;\"><em>Le bleu de ta chemise va bien avec la couleur de tes yeux<\/em><\/span>. Dans ces exemples, le mot <span style=\"color: #0000ff;\"><em>fort<\/em><\/span> est en position de compl\u00e9ment circonstanciel de verbe, le mot\u00a0<span style=\"color: #0000ff;\"><em>bleu<\/em><\/span> est en position de noyau du groupe sujet. Et dans <span style=\"color: #0000ff;\"><em>Marie est partie et Jacques est parti avec<\/em><\/span>, le mot <span style=\"color: #0000ff;\"><em>avec<\/em><\/span> n&rsquo;est plus une pr\u00e9position, il fonctionne comme un adverbe. Et que dire de tours comme : <span style=\"color: #0000ff;\"><em>Moi, je ne suis pas tr\u00e8s cuisine orientale<\/em><\/span> ? Faudrait-il consid\u00e9rer <em>cuisine orientale<\/em> comme un groupe adjectif parce qu&rsquo;il est\u00a0 en position d&rsquo;attribut du sujet ? <strong>La \u00ab nature \u00bb d&rsquo;un mot n&rsquo;a donc rien de naturel,<\/strong> elle refl\u00e8te seulement le type de morphologie du mot et ses emplois syntaxiques les plus fr\u00e9quents.<\/p>\r\n<p style=\"text-align: justify;\">\u00a0<\/p>\r\n\r\n<div class=\"wp-block-columns is-layout-flex wp-container-core-columns-is-layout-28f84493 wp-block-columns-is-layout-flex\">\r\n<div class=\"wp-block-column is-layout-flow wp-block-column-is-layout-flow\" style=\"flex-basis: 66.66%;\">\r\n<p style=\"text-align: justify;\">Par ailleurs, il est parfois pr\u00e9f\u00e9rable de d\u00e9signer seulement <strong>l\u2019ensemble des mots qui peuvent occuper telle ou telle place dans l\u2019architecture d\u2019ensemble de la phrase, sans consid\u00e9ration de leur variabilit\u00e9 morphologique. On parle alors de \u00ab classe grammaticale \u00bb.<\/strong> Ainsi la classe grammaticale des d\u00e9terminants d\u00e9signe l&rsquo;ensemble des mots de toutes \u00ab natures \u00bb qui peuvent occuper la m\u00eame position (ils ouvrent tous un groupe nominal), qu\u2019ils aient une seule forme (les d\u00e9terminants num\u00e9raux : <span style=\"color: #3366ff;\"><strong><em>trois<\/em><\/strong><em> petits chats<\/em><\/span>), trois (l\u2019article ind\u00e9fini\u00a0: <span style=\"color: #3366ff;\"><em>un \/ une \/ des<\/em><\/span>), ou une quinzaine (le d\u00e9terminant possessif) \u2013 qu\u2019ils soient en un mot (<span style=\"color: #3366ff;\"><strong><em>trois<\/em><\/strong><em> petits chats<\/em><\/span>) ou en plusieurs (<span style=\"color: #3366ff;\"><strong><em>la plupart des<\/em><\/strong> <em>petits chats<\/em><\/span>).<\/p>\r\n<\/div>\r\n\r\n\r\n\r\n<div class=\"wp-block-column is-layout-flow wp-block-column-is-layout-flow\" style=\"flex-basis: 33.33%;\">\r\n<p style=\"text-align: justify;\"><span style=\"color: #3366ff;\"><strong>Le mot du linguiste<\/strong> <\/span><br \/><span style=\"color: #3366ff;\">C&rsquo;est \u00e0 cause de leur r\u00f4le crucial pour s&rsquo;y retrouver dans une phrase que les &lsquo;adjectifs&rsquo; d\u00e9monstratifs (<em>ce\/cette\/ces<\/em>) et possessifs (<em>mon\/ma\/mes<\/em>) sont ordinairement d\u00e9sign\u00e9s par leur appartenance \u00e0 la classe des d\u00e9terminants : leur r\u00f4le syntaxique dans la phrase (ouvrir le groupe nominal) parait plus important que le lien avec le nom. Mais, quand le besoin s&rsquo;en fait sentir (pour rappeler l&rsquo;accord), on peut toujours les traiter d&rsquo;adjectifs.<\/span><\/p>\r\n<\/div>\r\n<\/div>\r\n\r\n\r\n\r\n<p style=\"text-align: justify;\">Les deux termes de \u00ab\u00a0nature\u00a0\u00bb et de \u00ab\u00a0classe grammaticale\u00a0\u00bb sont quasi synonymes mais ils n\u2019envisagent pas du m\u00eame point de vue le rapport entre les formes possibles d\u2019un mot et ses emplois syntaxiques possibles : la \u00ab\u00a0nature\u00a0\u00bb associe \u00e0 une morphologie des emplois syntaxiques plus ou moins pr\u00e9visibles\u00a0; la \u00ab\u00a0classe grammaticale\u00a0\u00bb associe \u00e0 un emploi syntaxique une morphologie plus ou moins pr\u00e9visible.<\/p>\r\n\r\n\r\n\r\n<p style=\"text-align: justify;\"><strong>En classe<\/strong>, on peut pr\u00e9f\u00e9rer utiliser les termes de \u00ab classe grammaticale \u00bb ou \u00ab\u00a0classe de mots\u00a0\u00bb qui ne v\u00e9hiculent pas la repr\u00e9sentation d\u2019un lien \u00ab naturel \u00bb entre tel ou tel mot et telle ou telle fonction.<\/p>\r\n","protected":false},"excerpt":{"rendered":"<p>LES MOTS ONT-ILS UNE \u00ab\u00a0NATURE\u00a0\u00bb OU APPARTIENNENT-ILS \u00c0 UNE \u00ab\u00a0CLASSE GRAMMATICALE\u00a0\u00bb ? Les deux expressions de \u00ab\u00a0nature\u00a0\u00bb et de \u00ab\u00a0classe grammaticale\u00a0\u00bb semblent parfois synonymes. L\u2019une et l\u2019autre associent la morphologie d\u2019un mot et les positions qu\u2019il peut occuper dans l\u2019architecture de la phrase. Les mots n\u2019ont pas tous le m\u00eame nombre de formes sous lesquelles [&hellip;]<\/p>\n","protected":false},"author":1,"featured_media":0,"parent":0,"menu_order":0,"comment_status":"closed","ping_status":"closed","template":"","meta":{"footnotes":""},"class_list":["post-2587","page","type-page","status-publish","hentry"],"_links":{"self":[{"href":"https:\/\/la-petite-fabrique-de-grammaire.fr\/index.php?rest_route=\/wp\/v2\/pages\/2587","targetHints":{"allow":["GET"]}}],"collection":[{"href":"https:\/\/la-petite-fabrique-de-grammaire.fr\/index.php?rest_route=\/wp\/v2\/pages"}],"about":[{"href":"https:\/\/la-petite-fabrique-de-grammaire.fr\/index.php?rest_route=\/wp\/v2\/types\/page"}],"author":[{"embeddable":true,"href":"https:\/\/la-petite-fabrique-de-grammaire.fr\/index.php?rest_route=\/wp\/v2\/users\/1"}],"replies":[{"embeddable":true,"href":"https:\/\/la-petite-fabrique-de-grammaire.fr\/index.php?rest_route=%2Fwp%2Fv2%2Fcomments&post=2587"}],"version-history":[{"count":58,"href":"https:\/\/la-petite-fabrique-de-grammaire.fr\/index.php?rest_route=\/wp\/v2\/pages\/2587\/revisions"}],"predecessor-version":[{"id":5654,"href":"https:\/\/la-petite-fabrique-de-grammaire.fr\/index.php?rest_route=\/wp\/v2\/pages\/2587\/revisions\/5654"}],"wp:attachment":[{"href":"https:\/\/la-petite-fabrique-de-grammaire.fr\/index.php?rest_route=%2Fwp%2Fv2%2Fmedia&parent=2587"}],"curies":[{"name":"wp","href":"https:\/\/api.w.org\/{rel}","templated":true}]}}

<p style="text-align: justify;"><strong>LES MOTS ONT-ILS UNE « NATURE » OU APPARTIENNENT-ILS À UNE « CLASSE GRAMMATICALE » ?</strong></p>
<p style="text-align: justify;">Les deux expressions de « nature » et de « classe grammaticale » semblent parfois synonymes. L’une et l’autre associent la morphologie d’un mot et les positions qu’il peut occuper dans l’architecture de la phrase.</p>
<p style="text-align: justify;">Les mots n’ont pas tous le même nombre de formes sous lesquelles ils peuvent apparaitre. Les noms en ont généralement deux <span style="color: #0000ff;">(</span><em><span style="color: #0000ff;">chèvre</span> / <span style="color: #0000ff;">chèvres</span></em><span style="color: #0000ff;">),</span> les adjectifs en ont souvent deux <span style="color: #0000ff;">(</span><em><span style="color: #0000ff;">simple</span> / <span style="color: #0000ff;">simples</span></em><span style="color: #0000ff;">)</span> mais peuvent en avoir jusqu&rsquo;à quatre <span style="color: #0000ff;">(</span><em><span style="color: #0000ff;">fort</span> / <span style="color: #0000ff;">forts</span> / <span style="color: #0000ff;">forte</span> / <span style="color: #0000ff;">fortes</span></em><span style="color: #0000ff;">),</span> le déterminant possessif une quinzaine <span style="color: #0000ff;">(<em>mon</em></span> / <span style="color: #0000ff;"><em>ma</em></span> / <span style="color: #0000ff;"><em>mes</em></span> / <span style="color: #0000ff;"><em>ton</em></span> / <em><span style="color: #0000ff;">ta</span> / <span style="color: #0000ff;">tes</span> / <span style="color: #0000ff;">son</span> / <span style="color: #0000ff;">sa</span></em><span style="color: #0000ff;">…),</span> les verbes plusieurs dizaines, etc. La variété des formes d’un mot est en lien, bien sûr, avec les configurations syntaxiques où il peut être employé. Par exemple, la variabilité de l’adjectif en genre et en nombre le rend apte à manifester son lien avec un nom, qu&rsquo;il soit masculin ou féminin ; la variabilité du déterminant possessif en personne le rend capable de manifester son lien avec un possesseur identifiable dans la situation d&rsquo;énonciation… Symétriquement, il importe que le pronom varie selon sa fonction pour qu’on puisse bien distinguer les constructions verbales différentes, par exemple, <em>j<span style="color: #0000ff;">e l’ai causé</span> (cet accident)</em> et <em><span style="color: #0000ff;">je lui ai causé</span> (à ce douteux personnage).</em> Ainsi il y a un rapport relativement étroit entre la description morphologique qu’on peut faire d’un mot et les fonctions syntaxiques qu’il peut assurer. Et c’est autour de ce rapport que s’organise une mémoire lexicale : les mots sont rangés selon leurs variations morphologiques (noms, adjectifs, verbes…) et leurs éventuels emplois syntaxiques (nom : sujet ou complément ; adjectif : épithète ou attribut ; verbe : pivot du groupe verbal…).</p>
<p style="text-align: justify;">Traditionnellement, <strong><em>on nomme « nature » d’un mot la combinaison de ses deux facettes, la facette morphologique et la facette syntaxique</em></strong> : la « nature » d’un mot fonctionne comme une sorte de carte d’identité qui permet une prédiction. Ainsi un mot qui offre quatre formes possibles (c’est-à-dire : un adjectif) est susceptible de s’accorder avec un nom, en position d’épithète ou d’attribut. Symétriquement, un mot qui appartient au même groupe qu’un nom est susceptible de varier en genre et en nombre.</p>
<p style="text-align: justify;">Cependant, le terme de « nature » suggère un lien nécessaire : les « lois naturelles » sont celles auxquelles rien ni personne ne peut échapper. Or la langue offre davantage de souplesse. Par exemple, <span style="color: #0000ff;"><em>fort</em></span> et <span style="color: #0000ff;"><em>bleu</em></span> sont réputés être des adjectifs puisqu&rsquo;ils présentent quatre formes. Comme tels ils devraient être en relation avec des noms. C&rsquo;est souvent vrai, mais ce n&rsquo;est pas le cas dans : <span style="color: #0000ff;"><em>Le maitre parle fort</em> </span>ou <span style="color: #0000ff;"><em>Le bleu de ta chemise va bien avec la couleur de tes yeux</em></span>. Dans ces exemples, le mot <span style="color: #0000ff;"><em>fort</em></span> est en position de complément circonstanciel de verbe, le mot <span style="color: #0000ff;"><em>bleu</em></span> est en position de noyau du groupe sujet. Et dans <span style="color: #0000ff;"><em>Marie est partie et Jacques est parti avec</em></span>, le mot <span style="color: #0000ff;"><em>avec</em></span> n&rsquo;est plus une préposition, il fonctionne comme un adverbe. Et que dire de tours comme : <span style="color: #0000ff;"><em>Moi, je ne suis pas très cuisine orientale</em></span> ? Faudrait-il considérer <em>cuisine orientale</em> comme un groupe adjectif parce qu&rsquo;il est  en position d&rsquo;attribut du sujet ? <strong>La « nature » d&rsquo;un mot n&rsquo;a donc rien de naturel,</strong> elle reflète seulement le type de morphologie du mot et ses emplois syntaxiques les plus fréquents.</p>
<p style="text-align: justify;"> </p>

<div class="wp-block-columns is-layout-flex wp-container-core-columns-is-layout-28f84493 wp-block-columns-is-layout-flex">
<div class="wp-block-column is-layout-flow wp-block-column-is-layout-flow" style="flex-basis: 66.66%;">
<p style="text-align: justify;">Par ailleurs, il est parfois préférable de désigner seulement <strong>l’ensemble des mots qui peuvent occuper telle ou telle place dans l’architecture d’ensemble de la phrase, sans considération de leur variabilité morphologique. On parle alors de « classe grammaticale ».</strong> Ainsi la classe grammaticale des déterminants désigne l&rsquo;ensemble des mots de toutes « natures » qui peuvent occuper la même position (ils ouvrent tous un groupe nominal), qu’ils aient une seule forme (les déterminants numéraux : <span style="color: #3366ff;"><strong><em>trois</em></strong><em> petits chats</em></span>), trois (l’article indéfini : <span style="color: #3366ff;"><em>un / une / des</em></span>), ou une quinzaine (le déterminant possessif) – qu’ils soient en un mot (<span style="color: #3366ff;"><strong><em>trois</em></strong><em> petits chats</em></span>) ou en plusieurs (<span style="color: #3366ff;"><strong><em>la plupart des</em></strong> <em>petits chats</em></span>).</p>
</div>



<div class="wp-block-column is-layout-flow wp-block-column-is-layout-flow" style="flex-basis: 33.33%;">
<p style="text-align: justify;"><span style="color: #3366ff;"><strong>Le mot du linguiste</strong> </span><br /><span style="color: #3366ff;">C&rsquo;est à cause de leur rôle crucial pour s&rsquo;y retrouver dans une phrase que les &lsquo;adjectifs&rsquo; démonstratifs (<em>ce/cette/ces</em>) et possessifs (<em>mon/ma/mes</em>) sont ordinairement désignés par leur appartenance à la classe des déterminants : leur rôle syntaxique dans la phrase (ouvrir le groupe nominal) parait plus important que le lien avec le nom. Mais, quand le besoin s&rsquo;en fait sentir (pour rappeler l&rsquo;accord), on peut toujours les traiter d&rsquo;adjectifs.</span></p>
</div>
</div>



<p style="text-align: justify;">Les deux termes de « nature » et de « classe grammaticale » sont quasi synonymes mais ils n’envisagent pas du même point de vue le rapport entre les formes possibles d’un mot et ses emplois syntaxiques possibles : la « nature » associe à une morphologie des emplois syntaxiques plus ou moins prévisibles ; la « classe grammaticale » associe à un emploi syntaxique une morphologie plus ou moins prévisible.</p>



<p style="text-align: justify;"><strong>En classe</strong>, on peut préférer utiliser les termes de « classe grammaticale » ou « classe de mots » qui ne véhiculent pas la représentation d’un lien « naturel » entre tel ou tel mot et telle ou telle fonction.</p>

<p>LES MOTS ONT-ILS UNE « NATURE » OU APPARTIENNENT-ILS À UNE « CLASSE GRAMMATICALE » ? Les deux expressions de « nature » et de « classe grammaticale » semblent parfois synonymes. L’une et l’autre associent la morphologie d’un mot et les positions qu’il peut occuper dans l’architecture de la phrase. Les mots n’ont pas tous le même nombre de formes sous lesquelles [&hellip;]</p>
