{"id":2564,"date":"2024-03-11T11:16:11","date_gmt":"2024-03-11T10:16:11","guid":{"rendered":"https:\/\/la-petite-fabrique-de-grammaire.fr\/?page_id=2564"},"modified":"2026-01-13T09:26:30","modified_gmt":"2026-01-13T08:26:30","slug":"la-conjugaison","status":"publish","type":"page","link":"https:\/\/la-petite-fabrique-de-grammaire.fr\/?page_id=2564","title":{"rendered":"La conjugaison"},"content":{"rendered":"<p>&nbsp;<\/p>\n<p><strong>COMMENT CONJUGUER ?<\/strong><\/p>\n<p style=\"text-align: justify;\">On dit parfois que le verbe est \u00ab\u00a0le pivot de la phrase\u00a0\u00bb. Cette expression peut se justifier de deux mani\u00e8res.<br \/>\nD\u2019une part, le verbe assure <strong>la relation entre ce dont on parle<\/strong> (le plus souvent le sujet grammatical : <span style=\"color: #3366ff;\">Maitre Corbeau<\/span>) <strong>et ce qu\u2019on en dit<\/strong> (les autres \u00e9l\u00e9ments de la sc\u00e8ne \u2013 les compl\u00e9ments d\u2019objets : <span style=\"color: #3366ff;\">un fromage<\/span>, ou du jugement \u2013 les attributs). Cette relation est r\u00e9alis\u00e9e dans l\u2019accord du verbe avec le sujet.<br \/>\nD\u2019autre part, le verbe manifeste <strong>la relation entre le propos qui est tenu et celui qui tient ledit propos<\/strong> gr\u00e2ce \u00e0 la diversit\u00e9 des formes possibles. Pour le dire de mani\u00e8re tr\u00e8s sch\u00e9matique\u00a0:<br \/>\n&#8211; le choix du temps indique si le propos concerne un fait qui a lieu avant la prise de parole, dans le m\u00eame temps ou apr\u00e8s ;<br \/>\n&#8211; le choix du mode indique comment celui qui parle adh\u00e8re \u00e0 son propos (indicatif : fait constat\u00e9 ; subjonctif : fait seulement envisag\u00e9, non av\u00e9r\u00e9 ; imp\u00e9ratif : fait exig\u00e9 ; conditionnel : fait mis en doute, soumis \u00e0 condition\u2026 Voir aussi la page <a href=\"https:\/\/la-petite-fabrique-de-grammaire.fr\/?page_id=2593\" target=\"_blank\" rel=\"noopener\"><em>La modalisation<\/em><\/a>).<\/p>\n<p style=\"text-align: justify;\">La forme que prend le verbe refl\u00e8te ces deux sortes de relation dans les <strong>deux syst\u00e8mes d\u2019\u00e9l\u00e9ments qui varient<\/strong>\u00a0: la marque de la personne porte l\u2019accord avec le sujet grammatical, la marque du mode-temps porte l\u2019insertion dans la perspective de celui qui parle. \u00c0 priori, une forme verbale s\u2019analyse en trois morceaux\u00a0:<br \/>\n<span style=\"color: #3366ff;\">\u00a0\u00a0\u00a0\u00a0\u00a0\u00a0\u00a0\u00a0\u00a0\u00a0\u00a0 Maitre Corbeau sur un arbre perch\u00e9<\/span><br \/>\n<span style=\"color: #3366ff;\">\u00a0\u00a0\u00a0\u00a0\u00a0\u00a0\u00a0\u00a0\u00a0\u00a0\u00a0 \u00a0\u00a0 Tenait en son bec un fromage.<\/span><br \/>\nLa forme <span style=\"color: #3366ff;\"><em>tenait<\/em><\/span> se d\u00e9compose ainsi en trois\u00a0:<br \/>\n<em>ten<\/em>&#8211;\u00a0: radical du verbe, qui porte le sens lexical<br \/>\n&#8211;<em>ai<\/em>&#8211; : marque du mode-temps. Elle indique le pass\u00e9, elle pose le fait comme r\u00e9el et elle sugg\u00e8re que ce fait s\u2019oppose \u00e0 un autre qui fera \u00e9v\u00e8nement (la prise de parole du renard)<br \/>\n&#8211;<em>t<\/em> : marque de la personne 3, qui fait le lien avec le groupe sujet (le corbeau perch\u00e9 sur son arbre).<\/p>\n<p style=\"text-align: justify;\">Il est \u00e0 noter que la caract\u00e9ristique du pr\u00e9sent est qu\u2019il n\u2019y a pas de marque du mode-temps, la marque de la personne est accol\u00e9e directement au radical.<br \/>\nLes formes compos\u00e9es (pass\u00e9 compos\u00e9, plus-que-parfait, futur ant\u00e9rieur) s&rsquo;analysent de mani\u00e8re plus complexe, la composition elle-m\u00eame (association auxiliaire + participe pass\u00e9) indiquant une ant\u00e9riorit\u00e9 par rapport au mode-temps port\u00e9 par l&rsquo;auxiliaire.<\/p>\n<p>Il y a donc \u00e0 retenir d&rsquo;une part les marques de la personne (soit <em>-e, -es, -e, -ons, -ez, -ent<\/em> ; soit <em>-s, -s, -t, -ons, -ez, -ent<\/em>) et d&rsquo;autre part les marques des diff\u00e9rents temps (-<em>ai<\/em>&#8211; ou &#8211;<em>i<\/em>&#8211; pour l&rsquo;imparfait, etc.).<\/p>\n<p>Voir aussi la page <a href=\"https:\/\/la-petite-fabrique-de-grammaire.fr\/?page_id=2444\" target=\"_blank\" rel=\"noopener\"><em>Regrouper les verbes<\/em><\/a><\/p>\n<p style=\"text-align: justify;\">Les <strong>difficult\u00e9s essentielles<\/strong> tiennent aux modifications qui peuvent affecter le radical, ou plut\u00f4t aux exceptions \u00e0 ces modifications ou \u00e0 l\u2019incertitude dans leur notation :<br \/>\n&#8211; la disparition de la consonne finale du radical (<span style=\"color: #3366ff;\"><em>nous par<strong>t<\/strong>-ons<\/em><\/span>, mais <span style=\"color: #3366ff;\"><em>je par- -s<\/em><\/span>\u00a0: le &#8211;<em>t<\/em>&#8211; du radical a disparu). Les exceptions sont les verbes pour lesquels la consonne a disparu \u00e0 l\u2019oral mais se maintient \u00e0 l\u2019\u00e9crit (type <span style=\"color: #3366ff;\"><em>vendre <\/em><\/span>(<em><span style=\"color: #3366ff;\">je ven<strong>d<\/strong>s<\/span><\/em> \/ <em><span style=\"color: #3366ff;\">nous vendons<\/span><\/em>), et les verbes <span style=\"color: #3366ff;\"><em>mettre<\/em><\/span>, <span style=\"color: #3366ff;\"><em>battre<\/em><\/span>\u2026)<br \/>\n&#8211; le changement de voyelle (<em><span style=\"color: #3366ff;\">je m<strong>eu<\/strong>rs \/ nous m<strong>ou<\/strong>rons<\/span><\/em>). Le flottement concerne les verbes en &#8211;<em>eter<\/em> (<span style=\"color: #3366ff;\"><em>je d\u00e9chiqu<strong>\u00e8<\/strong>te \/ nous d\u00e9chiqu<strong>e<\/strong>tons<\/em><\/span> mais <span style=\"color: #3366ff;\"><em>je j<strong>et<\/strong>te \/ nous j<strong>e<\/strong>tons<\/em><\/span>) et en &#8211;<em>eler<\/em> (<span style=\"color: #3366ff;\"><em>je g<strong>\u00e8<\/strong>le \/ nous g<strong>e<\/strong>lons<\/em><\/span>, mais <span style=\"color: #3366ff;\"><em>j\u2019app<strong>el<\/strong>le \/ nous app<strong>e<\/strong>lons<\/em><\/span>).<\/p>\n<p>Voir aussi le mot du linguiste dans la le\u00e7on <a href=\"http:\/\/la-petite-fabrique-de-grammaire.fr\/wp-content\/uploads\/2025\/02\/25-GP-regularites-du-present-.pdf\" target=\"_blank\" rel=\"noopener\">CM1-25 Les r\u00e9gularit\u00e9s du pr\u00e9sent<\/a>.\u00a0 Et voir le chapitre 7 de l&rsquo;ouvrage <em>La Fabrique de grammaire<\/em>.<\/p>\n<p style=\"text-align: justify;\">Pour les <strong>autres difficult\u00e9s<\/strong>, ou bien elles concernent tout un pan du fran\u00e7ais (usage de la c\u00e9dille, par exemple pour le verbe <span style=\"color: #3366ff;\"><em>placer : nous pla<strong>\u00e7<\/strong>ons <\/em><\/span>et du &#8211;<em>e<\/em>&#8211; auxiliaire par exemple pour le verbe<span style=\"color: #3366ff;\"><em> nager : il nag<strong>e<\/strong>ait <\/em><\/span>; \u00a0usage du &#8211;<em>y<\/em>-, par exemple pour le verbe <span style=\"color: #3366ff;\"><em>croire : ils cro<strong>y<\/strong>aient<\/em><\/span>), ou bien elles touchent peu de verbes (par exemple, la marque &#8211;<em>tes<\/em> \u00e0 la personne 4 pour 3 verbes seulement <span style=\"color: #3366ff;\"><em>vous \u00ea<strong>tes<\/strong>, vous di<strong>tes<\/strong>, vous fai<strong>tes <\/strong><\/em><\/span>; ou le pass\u00e9 simple du verbe <em>naitre<\/em> : <span style=\"color: #3366ff;\"><em>il naquit<\/em><\/span>&#8230;) : elles ne se d\u00e9passent alors que par un effort de m\u00e9moire ou une grande attention \u00e0 l\u2019analyse de ce qu\u2019on entend.<\/p>\n<p>Voir aussi la <a href=\"https:\/\/la-petite-fabrique-de-grammaire.fr\/?page_id=2406\">liste des verbes irr\u00e9guliers<\/a><\/p>\n","protected":false},"excerpt":{"rendered":"<p>&nbsp; COMMENT CONJUGUER ? On dit parfois que le verbe est \u00ab\u00a0le pivot de la phrase\u00a0\u00bb. Cette expression peut se justifier de deux mani\u00e8res. D\u2019une part, le verbe assure la relation entre ce dont on parle (le plus souvent le sujet grammatical : Maitre Corbeau) et ce qu\u2019on en dit (les autres \u00e9l\u00e9ments de la [&hellip;]<\/p>\n","protected":false},"author":1,"featured_media":0,"parent":0,"menu_order":0,"comment_status":"closed","ping_status":"closed","template":"","meta":{"footnotes":""},"class_list":["post-2564","page","type-page","status-publish","hentry"],"_links":{"self":[{"href":"https:\/\/la-petite-fabrique-de-grammaire.fr\/index.php?rest_route=\/wp\/v2\/pages\/2564","targetHints":{"allow":["GET"]}}],"collection":[{"href":"https:\/\/la-petite-fabrique-de-grammaire.fr\/index.php?rest_route=\/wp\/v2\/pages"}],"about":[{"href":"https:\/\/la-petite-fabrique-de-grammaire.fr\/index.php?rest_route=\/wp\/v2\/types\/page"}],"author":[{"embeddable":true,"href":"https:\/\/la-petite-fabrique-de-grammaire.fr\/index.php?rest_route=\/wp\/v2\/users\/1"}],"replies":[{"embeddable":true,"href":"https:\/\/la-petite-fabrique-de-grammaire.fr\/index.php?rest_route=%2Fwp%2Fv2%2Fcomments&post=2564"}],"version-history":[{"count":49,"href":"https:\/\/la-petite-fabrique-de-grammaire.fr\/index.php?rest_route=\/wp\/v2\/pages\/2564\/revisions"}],"predecessor-version":[{"id":7361,"href":"https:\/\/la-petite-fabrique-de-grammaire.fr\/index.php?rest_route=\/wp\/v2\/pages\/2564\/revisions\/7361"}],"wp:attachment":[{"href":"https:\/\/la-petite-fabrique-de-grammaire.fr\/index.php?rest_route=%2Fwp%2Fv2%2Fmedia&parent=2564"}],"curies":[{"name":"wp","href":"https:\/\/api.w.org\/{rel}","templated":true}]}}

<p>&nbsp;</p>
<p><strong>COMMENT CONJUGUER ?</strong></p>
<p style="text-align: justify;">On dit parfois que le verbe est « le pivot de la phrase ». Cette expression peut se justifier de deux manières.<br />
D’une part, le verbe assure <strong>la relation entre ce dont on parle</strong> (le plus souvent le sujet grammatical : <span style="color: #3366ff;">Maitre Corbeau</span>) <strong>et ce qu’on en dit</strong> (les autres éléments de la scène – les compléments d’objets : <span style="color: #3366ff;">un fromage</span>, ou du jugement – les attributs). Cette relation est réalisée dans l’accord du verbe avec le sujet.<br />
D’autre part, le verbe manifeste <strong>la relation entre le propos qui est tenu et celui qui tient ledit propos</strong> grâce à la diversité des formes possibles. Pour le dire de manière très schématique :<br />
&#8211; le choix du temps indique si le propos concerne un fait qui a lieu avant la prise de parole, dans le même temps ou après ;<br />
&#8211; le choix du mode indique comment celui qui parle adhère à son propos (indicatif : fait constaté ; subjonctif : fait seulement envisagé, non avéré ; impératif : fait exigé ; conditionnel : fait mis en doute, soumis à condition… Voir aussi la page <a href="https://la-petite-fabrique-de-grammaire.fr/?page_id=2593" target="_blank" rel="noopener"><em>La modalisation</em></a>).</p>
<p style="text-align: justify;">La forme que prend le verbe reflète ces deux sortes de relation dans les <strong>deux systèmes d’éléments qui varient</strong> : la marque de la personne porte l’accord avec le sujet grammatical, la marque du mode-temps porte l’insertion dans la perspective de celui qui parle. À priori, une forme verbale s’analyse en trois morceaux :<br />
<span style="color: #3366ff;">            Maitre Corbeau sur un arbre perché</span><br />
<span style="color: #3366ff;">               Tenait en son bec un fromage.</span><br />
La forme <span style="color: #3366ff;"><em>tenait</em></span> se décompose ainsi en trois :<br />
<em>ten</em>&#8211; : radical du verbe, qui porte le sens lexical<br />
&#8211;<em>ai</em>&#8211; : marque du mode-temps. Elle indique le passé, elle pose le fait comme réel et elle suggère que ce fait s’oppose à un autre qui fera évènement (la prise de parole du renard)<br />
&#8211;<em>t</em> : marque de la personne 3, qui fait le lien avec le groupe sujet (le corbeau perché sur son arbre).</p>
<p style="text-align: justify;">Il est à noter que la caractéristique du présent est qu’il n’y a pas de marque du mode-temps, la marque de la personne est accolée directement au radical.<br />
Les formes composées (passé composé, plus-que-parfait, futur antérieur) s&rsquo;analysent de manière plus complexe, la composition elle-même (association auxiliaire + participe passé) indiquant une antériorité par rapport au mode-temps porté par l&rsquo;auxiliaire.</p>
<p>Il y a donc à retenir d&rsquo;une part les marques de la personne (soit <em>-e, -es, -e, -ons, -ez, -ent</em> ; soit <em>-s, -s, -t, -ons, -ez, -ent</em>) et d&rsquo;autre part les marques des différents temps (-<em>ai</em>&#8211; ou &#8211;<em>i</em>&#8211; pour l&rsquo;imparfait, etc.).</p>
<p>Voir aussi la page <a href="https://la-petite-fabrique-de-grammaire.fr/?page_id=2444" target="_blank" rel="noopener"><em>Regrouper les verbes</em></a></p>
<p style="text-align: justify;">Les <strong>difficultés essentielles</strong> tiennent aux modifications qui peuvent affecter le radical, ou plutôt aux exceptions à ces modifications ou à l’incertitude dans leur notation :<br />
&#8211; la disparition de la consonne finale du radical (<span style="color: #3366ff;"><em>nous par<strong>t</strong>-ons</em></span>, mais <span style="color: #3366ff;"><em>je par- -s</em></span> : le &#8211;<em>t</em>&#8211; du radical a disparu). Les exceptions sont les verbes pour lesquels la consonne a disparu à l’oral mais se maintient à l’écrit (type <span style="color: #3366ff;"><em>vendre </em></span>(<em><span style="color: #3366ff;">je ven<strong>d</strong>s</span></em> / <em><span style="color: #3366ff;">nous vendons</span></em>), et les verbes <span style="color: #3366ff;"><em>mettre</em></span>, <span style="color: #3366ff;"><em>battre</em></span>…)<br />
&#8211; le changement de voyelle (<em><span style="color: #3366ff;">je m<strong>eu</strong>rs / nous m<strong>ou</strong>rons</span></em>). Le flottement concerne les verbes en &#8211;<em>eter</em> (<span style="color: #3366ff;"><em>je déchiqu<strong>è</strong>te / nous déchiqu<strong>e</strong>tons</em></span> mais <span style="color: #3366ff;"><em>je j<strong>et</strong>te / nous j<strong>e</strong>tons</em></span>) et en &#8211;<em>eler</em> (<span style="color: #3366ff;"><em>je g<strong>è</strong>le / nous g<strong>e</strong>lons</em></span>, mais <span style="color: #3366ff;"><em>j’app<strong>el</strong>le / nous app<strong>e</strong>lons</em></span>).</p>
<p>Voir aussi le mot du linguiste dans la leçon <a href="http://la-petite-fabrique-de-grammaire.fr/wp-content/uploads/2025/02/25-GP-regularites-du-present-.pdf" target="_blank" rel="noopener">CM1-25 Les régularités du présent</a>.  Et voir le chapitre 7 de l&rsquo;ouvrage <em>La Fabrique de grammaire</em>.</p>
<p style="text-align: justify;">Pour les <strong>autres difficultés</strong>, ou bien elles concernent tout un pan du français (usage de la cédille, par exemple pour le verbe <span style="color: #3366ff;"><em>placer : nous pla<strong>ç</strong>ons </em></span>et du &#8211;<em>e</em>&#8211; auxiliaire par exemple pour le verbe<span style="color: #3366ff;"><em> nager : il nag<strong>e</strong>ait </em></span>;  usage du &#8211;<em>y</em>-, par exemple pour le verbe <span style="color: #3366ff;"><em>croire : ils cro<strong>y</strong>aient</em></span>), ou bien elles touchent peu de verbes (par exemple, la marque &#8211;<em>tes</em> à la personne 4 pour 3 verbes seulement <span style="color: #3366ff;"><em>vous ê<strong>tes</strong>, vous di<strong>tes</strong>, vous fai<strong>tes </strong></em></span>; ou le passé simple du verbe <em>naitre</em> : <span style="color: #3366ff;"><em>il naquit</em></span>&#8230;) : elles ne se dépassent alors que par un effort de mémoire ou une grande attention à l’analyse de ce qu’on entend.</p>
<p>Voir aussi la <a href="https://la-petite-fabrique-de-grammaire.fr/?page_id=2406">liste des verbes irréguliers</a></p>

<p>&nbsp; COMMENT CONJUGUER ? On dit parfois que le verbe est « le pivot de la phrase ». Cette expression peut se justifier de deux manières. D’une part, le verbe assure la relation entre ce dont on parle (le plus souvent le sujet grammatical : Maitre Corbeau) et ce qu’on en dit (les autres éléments de la [&hellip;]</p>
