{"id":2438,"date":"2024-03-10T16:07:21","date_gmt":"2024-03-10T15:07:21","guid":{"rendered":"https:\/\/la-petite-fabrique-de-grammaire.fr\/?page_id=2438"},"modified":"2024-08-16T15:45:46","modified_gmt":"2024-08-16T13:45:46","slug":"contraster-les-notions","status":"publish","type":"page","link":"https:\/\/la-petite-fabrique-de-grammaire.fr\/?page_id=2438","title":{"rendered":"Contraster les notions"},"content":{"rendered":"<p style=\"text-align: justify;\"><strong>CONTRASTER LES NOTIONS<\/strong><\/p>\r\n<p style=\"text-align: justify;\">Vue de haut et par quelqu\u2019un qui la maitrise, la langue peut apparaitre comme un ensemble d\u2019unit\u00e9s distinctes, sans tenir compte des liens que ces unit\u00e9s entretiennent dans les \u00e9nonc\u00e9s. On peut alors \u00eatre tent\u00e9 d\u2019enseigner la langue en passant en revue les diff\u00e9rents \u00e9l\u00e9ments pour les d\u00e9crire (leur \u00ab nature \u00bb) et pour \u00e9num\u00e9rer les diff\u00e9rents liens o\u00f9 ils se rencontrent (leurs \u00ab fonctions \u00bb possibles). \u00c0 proc\u00e9der ainsi, on perd de vue le fait que la langue est un syst\u00e8me, elle semble \u00eatre la somme d&rsquo;\u00e9l\u00e9ments compliqu\u00e9s pris dans des relations \u00e9nigmatiques. Beaucoup d\u2019ouvrages p\u00e9dagogiques sont con\u00e7us ainsi et alignent des le\u00e7ons sur le nom, puis sur le verbe, puis les d\u00e9terminants, puis&#8230; etc.<br \/>De plus, certains \u00e9l\u00e9ments sont proches, si proches qu&rsquo;ils engendrent de nombreuses difficult\u00e9s pour les \u00e9l\u00e8ves qui les confondent. Par exemple : <span style=\"color: #3366ff;\">Julie a trouv\u00e9 des escargots, elle <strong>les \u00e9l\u00e8ve<\/strong> avec de la salade<\/span>&#8230; (voir <a href=\"http:\/\/la-petite-fabrique-de-grammaire.fr\/wp-content\/uploads\/2024\/05\/GP-CM1-Phrase-dictee-Elle-les-eleve.pdf\" target=\"_blank\" rel=\"noopener\">ici<\/a> un exemple de traitement de cette difficult\u00e9 au CM1).<\/p>\r\n<p style=\"text-align: justify;\">Afin de rendre compte du caract\u00e8re syst\u00e9mique de la langue et de r\u00e9pondre \u00e0 des difficult\u00e9s r\u00e9currentes des \u00e9l\u00e8ves, notre d\u00e9marche met au c\u0153ur l\u2019\u00e9tude des relations entre les unit\u00e9s, et secondairement les unit\u00e9s elles-m\u00eames. Pour \u00e9viter la juxtaposition des divers \u00e9l\u00e9ments dans une s\u00e9rie plus ou moins arbitraire, nous sommes conduits \u00e0 mettre en avant les contrastes qui les diff\u00e9rencient, contrastes entre des emplois diff\u00e9rents et entre des significations diff\u00e9rentes. Par exemple, une des premi\u00e8res le\u00e7ons au CE1 <em>Imagier des noms \/ imagier des verbes<\/em> propose ainsi d\u2019associer \u00e0 des illustrations de sc\u00e8nes d\u2019abord des noms, puis des verbes. Le travail de comparaison parvient \u00e0 \u00e9laborer ces d\u00e9finitions \u2013 qui restent embryonnaires, mais qui amorcent utilement la r\u00e9flexion\u00a0: <\/p>\r\n<figure class=\"wp-block-image size-full\"><img loading=\"lazy\" decoding=\"async\" width=\"629\" height=\"150\" class=\"wp-image-3078\" src=\"https:\/\/la-petite-fabrique-de-grammaire.fr\/wp-content\/uploads\/2024\/03\/Capture-decran-2024-03-16-a-16.58.39.png\" alt=\"\" srcset=\"https:\/\/la-petite-fabrique-de-grammaire.fr\/wp-content\/uploads\/2024\/03\/Capture-decran-2024-03-16-a-16.58.39.png 629w, https:\/\/la-petite-fabrique-de-grammaire.fr\/wp-content\/uploads\/2024\/03\/Capture-decran-2024-03-16-a-16.58.39-300x72.png 300w\" sizes=\"auto, (max-width: 629px) 100vw, 629px\" \/><\/figure>\r\n<p style=\"text-align: justify;\">\r\n\r\n<\/p>\r\n<p>La progression en syntaxe s\u2019articule autour de contrastes que le recours \u00e0 des formes ambig\u00fces rend encore plus \u00e9vidents : quand on les reformule, on voit qu\u2019elles n\u2019ont pas le m\u00eame sens et qu\u2019il faut les distinguer \u2013 reste \u00e0 rechercher (c\u2019est l\u2019objectif de la le\u00e7on) les \u00e9l\u00e9ments contrastifs.<br \/>CE1 : nom \/ verbe<br \/>\u00a0\u00a0\u00a0\u00a0\u00a0\u00a0\u00a0\u00a0\u00a0\u00a0\u00a0 <span style=\"color: #3366ff;\">Je ferme les <em>portes<\/em>. \/ Elles <em>portent<\/em> un bateau.<\/span><br \/>CE2\u00a0: groupe verbal avec verbe seul \/ groupe verbal avec compl\u00e9ment.<br \/>\u00a0\u00a0\u00a0\u00a0\u00a0\u00a0\u00a0\u00a0\u00a0\u00a0\u00a0<span style=\"color: #3366ff;\"> Attention, le verre, \u00e7a <em>casse<\/em>\u00a0! \/ Le chat <em>casse les vases<\/em>.<\/span><br \/>\u00a0\u00a0\u00a0\u00a0\u00a0\u00a0\u00a0\u00a0\u00a0\u00a0\u00a0 compl\u00e9ment du verbe sans pr\u00e9position \/\u00a0 avec pr\u00e9position<br \/>\u00a0\u00a0\u00a0\u00a0\u00a0\u00a0\u00a0\u00a0\u00a0\u00a0\u00a0<span style=\"color: #3366ff;\"> Il <em>a caus\u00e9 un accident<\/em>. \/ Il <em>a caus\u00e9 avec le suspect<\/em>.<\/span><br \/>CM1\u00a0: attribut du sujet \/ compl\u00e9ment d\u2019objet<br \/>\u00a0\u00a0\u00a0\u00a0\u00a0\u00a0\u00a0\u00a0\u00a0\u00a0\u00a0 <span style=\"color: #3366ff;\">Yanis fait <em>l\u2019idiot.<\/em> \/ Yanis fait <em>des truffes au chocolat<\/em>.<\/span><br \/>\u00a0\u00a0\u00a0\u00a0\u00a0\u00a0\u00a0\u00a0\u00a0\u00a0\u00a0 d\u00e9terminant \/ pronom<br \/>\u00a0\u00a0\u00a0\u00a0\u00a0\u00a0\u00a0\u00a0\u00a0\u00a0\u00a0 <span style=\"color: #3366ff;\">L\u2019ouvrier saisit<em> la<\/em> porte. \/ Il <em>la<\/em> porte jusqu\u2019au bon endroit.\u00a0<\/span>\u00a0\u00a0\u00a0\u00a0<br \/>CM2\u00a0: compl\u00e9ment circonstanciel de verbe \/ compl\u00e9ment circonstanciel de phrase.<br \/>\u00a0\u00a0\u00a0\u00a0\u00a0\u00a0\u00a0\u00a0\u00a0\u00a0\u00a0 <span style=\"color: #3366ff;\">Sarah lan\u00e7ait la balle <em>dans la cour<\/em>, la balle y est rest\u00e9e. \/ Sarah lan\u00e7ait la balle <em>dans la cour<\/em>, elle aurait pu\u00a0 \u00a0 \u00a0 \u00a0 \u00a0 \u00a0 \u00a0 \u00a0 \u00a0 \u00a0 \u00a0 \u00a0 \u00a0 \u00a0 \u00a0 \u00a0 \u00a0 jouer ailleurs !<\/span><br \/>\u00a0\u00a0\u00a0\u00a0\u00a0\u00a0\u00a0\u00a0\u00a0\u00a0\u00a0 COD expans\u00e9 \/ attribut du COD<br \/>\u00a0 \u00a0 \u00a0 \u00a0 \u00a0 \u00a0 \u00a0<span style=\"color: #3366ff;\">Je n\u2019ai pas trouv\u00e9 l\u2019exercice <em>difficile<\/em>, je ne l\u2019ai pas trouv\u00e9, je l\u2019ai cherch\u00e9 partout. \/ Je n\u2019ai pas trouv\u00e9 \u00a0 \u00a0 \u00a0 \u00a0 \u00a0 \u00a0 \u00a0 \u00a0 \u00a0 \u00a0 \u00a0 \u00a0 \u00a0\u00a0 \u00a0 \u00a0 \u00a0 \u00a0 \u00a0 \u00a0 \u00a0 \u00a0 l\u2019exercice <em>difficile<\/em>,\u00a0 je ne l\u2019ai pas trouv\u00e9 <em>difficile,<\/em> je l\u2019ai fini facilement.<\/span><\/p>\r\n<p style=\"text-align: justify;\">\r\n\r\n<\/p>\r\n<p>D\u2019un point de vue s\u00e9mantique, le contraste permet de construire assez pr\u00e9cis\u00e9ment le sens des notions \u00e0 l\u2019\u00e9tude. Par exemple\u00a0:<br \/>CE1\u00a0: d\u00e9terminant ind\u00e9fini \/ d\u00e9terminant d\u00e9fini<br \/>\u00a0\u00a0\u00a0\u00a0\u00a0\u00a0\u00a0\u00a0\u00a0\u00a0\u00a0 <span style=\"color: #3366ff;\">Un jour, <em>un<\/em> monstre arriva sur la plan\u00e8te. <em>Le<\/em> monstre voulait tout d\u00e9vorer.<\/span><br \/>CM1 : valeurs d\u00e9terminative \/ qualificative des expansions du groupe nominal<br \/>\u00a0\u00a0\u00a0\u00a0\u00a0\u00a0\u00a0\u00a0\u00a0\u00a0\u00a0 <span style=\"color: #3366ff;\">Le chat <em>de mon voisin<\/em> est une b\u00eate <em>d\u00e9sagr\u00e9able<\/em>. <\/span>(<em>de mon voisin<\/em> d\u00e9termine de quel chat on parle, <em>d\u00e9sagr\u00e9able<\/em> le qualifie et manifeste l&rsquo;opinion de celui qui parle)<\/p>\r\n<p style=\"text-align: justify;\">Du c\u00f4t\u00e9 de la morphologie, nous proposons aussi, autant que possible, des tris et des comparaisons pour d\u00e9gager des diff\u00e9rences.<br \/>Ainsi les verbes irr\u00e9guliers comme <span style=\"color: #3366ff;\"><em>pouvoir<\/em>, <em>vouloir<\/em>, <em>prendre<\/em><\/span>\u2026 sont syst\u00e9matiquement \u00e9tudi\u00e9s par comparaison avec des verbes r\u00e9guliers. Et au CM, il est propos\u00e9 d\u2019op\u00e9rer des regroupements de verbes qui se conjuguent de fa\u00e7on identique\u00a0: <span style=\"color: #3366ff;\"><em>conduire<\/em><\/span> et <span style=\"color: #3366ff;\"><em>construire<\/em>, <em>offrir<\/em><\/span> et <span style=\"color: #3366ff;\"><em>couvrir<\/em>, <em>partir<\/em><\/span> et <em><span style=\"color: #3366ff;\">dormir, vendre<\/span> <\/em>et<em> <span style=\"color: #3366ff;\">mordre<\/span><\/em><span style=\"color: #3366ff;\">\u2026<\/span> Mani\u00e8re de r\u00e9viser les particularit\u00e9s de ces conjugaisons, et de mesurer l\u2019\u00e9cart aux formes r\u00e9guli\u00e8res.<br \/>Comme c&rsquo;est le cas en syntaxe, l\u2019homophonie de certaines formes permet aussi de mettre en \u00e9vidence des comportements morphologiques contrast\u00e9s :<br \/>\u00a0\u00a0\u00a0\u00a0\u00a0\u00a0\u00a0\u00a0\u00a0\u00a0\u00a0 <span style=\"color: #3366ff;\">L\u2019\u00e9l\u00e8ve relit la consigne\u00a0: il faut qu\u2019il relie les mots qui vont ensemble.<\/span><br \/>\u00a0 \u00a0 \u00a0 \u00a0 \u00a0 \u00a0 <span style=\"color: #3366ff;\">Le plan du quartier \/ le plant de rosier achet\u00e9 \u00e0 la jardinerie<\/span><\/p>\r\n<p>&nbsp;<\/p>\r\n<p style=\"text-align: justify;\"><\/p>","protected":false},"excerpt":{"rendered":"<p>CONTRASTER LES NOTIONS Vue de haut et par quelqu\u2019un qui la maitrise, la langue peut apparaitre comme un ensemble d\u2019unit\u00e9s distinctes, sans tenir compte des liens que ces unit\u00e9s entretiennent dans les \u00e9nonc\u00e9s. On peut alors \u00eatre tent\u00e9 d\u2019enseigner la langue en passant en revue les diff\u00e9rents \u00e9l\u00e9ments pour les d\u00e9crire (leur \u00ab nature \u00bb) [&hellip;]<\/p>\n","protected":false},"author":1,"featured_media":0,"parent":0,"menu_order":0,"comment_status":"closed","ping_status":"closed","template":"","meta":{"footnotes":""},"class_list":["post-2438","page","type-page","status-publish","hentry"],"_links":{"self":[{"href":"https:\/\/la-petite-fabrique-de-grammaire.fr\/index.php?rest_route=\/wp\/v2\/pages\/2438","targetHints":{"allow":["GET"]}}],"collection":[{"href":"https:\/\/la-petite-fabrique-de-grammaire.fr\/index.php?rest_route=\/wp\/v2\/pages"}],"about":[{"href":"https:\/\/la-petite-fabrique-de-grammaire.fr\/index.php?rest_route=\/wp\/v2\/types\/page"}],"author":[{"embeddable":true,"href":"https:\/\/la-petite-fabrique-de-grammaire.fr\/index.php?rest_route=\/wp\/v2\/users\/1"}],"replies":[{"embeddable":true,"href":"https:\/\/la-petite-fabrique-de-grammaire.fr\/index.php?rest_route=%2Fwp%2Fv2%2Fcomments&post=2438"}],"version-history":[{"count":55,"href":"https:\/\/la-petite-fabrique-de-grammaire.fr\/index.php?rest_route=\/wp\/v2\/pages\/2438\/revisions"}],"predecessor-version":[{"id":5498,"href":"https:\/\/la-petite-fabrique-de-grammaire.fr\/index.php?rest_route=\/wp\/v2\/pages\/2438\/revisions\/5498"}],"wp:attachment":[{"href":"https:\/\/la-petite-fabrique-de-grammaire.fr\/index.php?rest_route=%2Fwp%2Fv2%2Fmedia&parent=2438"}],"curies":[{"name":"wp","href":"https:\/\/api.w.org\/{rel}","templated":true}]}}