{"id":2408,"date":"2024-03-10T15:33:57","date_gmt":"2024-03-10T14:33:57","guid":{"rendered":"https:\/\/la-petite-fabrique-de-grammaire.fr\/?page_id=2408"},"modified":"2024-05-25T22:46:46","modified_gmt":"2024-05-25T20:46:46","slug":"fabrications","status":"publish","type":"page","link":"https:\/\/la-petite-fabrique-de-grammaire.fr\/?page_id=2408","title":{"rendered":"Fabrications"},"content":{"rendered":"<p><strong>FABRICATIONS<\/strong><\/p>\n<p><em><strong>Comment fabriquer un glossaire ?<\/strong><\/em><\/p>\n<p>Il est r\u00e9guli\u00e8rement utile d\u2019inviter les \u00e9l\u00e8ves \u00e0 observer les mots d&rsquo;un texte isol\u00e9s, priv\u00e9s de leur contexte, avant de lire le texte lui-m\u00eame. Apr\u00e8s la lecture, le va-et-vient entre le texte et la liste des mots peut aussi \u00eatre f\u00e9cond.<br \/>\nCela peut servir des objectifs divers :<br \/>\n&#8211; imaginer avant la lecture d&rsquo;une histoire son genre, sa tonalit\u00e9, voire son script ;<br \/>\n&#8211; rep\u00e9rer les proportions de mots \u00ab\u00a0grammaticaux\u00a0\u00bb et de mots \u00ab\u00a0pleins\u00a0\u00bb (qui permettent d&rsquo;identifier ce dont parle le texte) ;<br \/>\n&#8211; identifier des choix de vocabulaire particulier : m\u00e9taphores fil\u00e9es, mots issus d&rsquo;un domaine particulier, jeux de mots\u2026\u00a0 (il peut alors \u00eatre utile de placer devant les mots le nombre de leurs occurrences et de trier en fr\u00e9quence selon ces nombres) ;<br \/>\n&#8211; etc.<br \/>\nEn grammaire, cela permet essentiellement d\u2019interroger la relation entre les caract\u00e9ristiques morphologiques d\u2019un mot et la position que le mot peut occuper dans l\u2019architecture de la phrase. (Pour revoir l\u2019importance de cette relation, voir <a href=\"https:\/\/la-petite-fabrique-de-grammaire.fr\/?page_id=2587\" target=\"_blank\" rel=\"noopener\">i<\/a>ci la page sur la relation entre \u00ab\u00a0nature\u00a0\u00bb et \u00ab\u00a0fonction\u00a0\u00bb.)<\/p>\n<p>On vous propose sur un exemple une marche \u00e0 suivre pour obtenir ce qu&rsquo;on appelle &#8211; de mani\u00e8re un peu impropore mais commode &#8211; un \u00ab\u00a0glossaire\u00a0\u00bb.<\/p>\n<p><a href=\"http:\/\/la-petite-fabrique-de-grammaire.fr\/wp-content\/uploads\/2024\/05\/Fabriquer-un-glossaire.pdf\" target=\"_blank\" rel=\"noopener\">Pour fabriquer un glossaire<\/a><\/p>\n<p><em><strong>Comment fabriquer un dispositif \u00ab\u00a0tirettes\u00a0\u00bb ?\u00a0 \u00a0 \u00a0 \u00a0 \u00a0 \u00a0 \u00a0 \u00a0 \u00a0 \u00a0 \u00a0 \u00a0 \u00a0 \u00a0 \u00a0 \u00a0 \u00a0 \u00a0 <img loading=\"lazy\" decoding=\"async\" class=\"alignnone size-medium wp-image-4803\" src=\"http:\/\/la-petite-fabrique-de-grammaire.fr\/wp-content\/uploads\/2024\/05\/logo_LPFG-1-300x92.jpg\" alt=\"\" width=\"300\" height=\"92\" srcset=\"https:\/\/la-petite-fabrique-de-grammaire.fr\/wp-content\/uploads\/2024\/05\/logo_LPFG-1-300x92.jpg 300w, https:\/\/la-petite-fabrique-de-grammaire.fr\/wp-content\/uploads\/2024\/05\/logo_LPFG-1.jpg 715w\" sizes=\"auto, (max-width: 300px) 100vw, 300px\" \/><\/strong><\/em><\/p>\n<p>Les \u00ab\u00a0tirettes\u00a0\u00bb constituent un dispositif tr\u00e8s puissant pour bien comprendre les deux contraintes qu&rsquo;il faut articuler pour r\u00e9ussir un accord : la contrainte syntaxique qui impose les cat\u00e9gories \u00e0 respecter (genre, nombre, personne grammaticale&#8230;) et la contrainte morphologique qui indique les formes qui existent et celles qui n&rsquo;existent pas pour le mots \u00e0 accorder.<\/p>\n<p>Voir, par exemple, la le\u00e7on 43 &#8211; <em>Machine \u00e0 accorder l&rsquo;adjectif avec le nom<\/em> pr\u00e9vue pour le CE1 ou la le\u00e7on 21 &#8211; <em>Machine \u00e0 accorder le verbe avec le sujet<\/em> pr\u00e9vue pour le CE2.<\/p>\n<p>On vous propose une marche \u00e0 suivre pour fabriquer le mat\u00e9riel n\u00e9cessaire avec trois fois rien.<\/p>\n<p><a href=\"http:\/\/la-petite-fabrique-de-grammaire.fr\/wp-content\/uploads\/2024\/05\/comment_fabriquer_les_tirettes.pdf\" target=\"_blank\" rel=\"noopener\">Pour fabriquer le dispositif \u00ab\u00a0tirettes\u00a0\u00bb (bricolage)<\/a><\/p>\n<p>Si le mat\u00e9riel de votre classe peut projeter des document Word, voici une autre fa\u00e7on de faire :<\/p>\n<p><a href=\"http:\/\/la-petite-fabrique-de-grammaire.fr\/wp-content\/uploads\/2024\/05\/Pour-construire-le-dispositif-Tirettes-document-Word.pdf\" target=\"_blank\" rel=\"noopener\">Pour fabriquer le dispositif \u00ab\u00a0tirettes\u00a0\u00bb (document Word)<\/a><\/p>\n","protected":false},"excerpt":{"rendered":"<p>FABRICATIONS Comment fabriquer un glossaire ? Il est r\u00e9guli\u00e8rement utile d\u2019inviter les \u00e9l\u00e8ves \u00e0 observer les mots d&rsquo;un texte isol\u00e9s, priv\u00e9s de leur contexte, avant de lire le texte lui-m\u00eame. Apr\u00e8s la lecture, le va-et-vient entre le texte et la liste des mots peut aussi \u00eatre f\u00e9cond. Cela peut servir des objectifs divers : &#8211; [&hellip;]<\/p>\n","protected":false},"author":2,"featured_media":0,"parent":0,"menu_order":0,"comment_status":"closed","ping_status":"closed","template":"","meta":{"footnotes":""},"class_list":["post-2408","page","type-page","status-publish","hentry"],"_links":{"self":[{"href":"https:\/\/la-petite-fabrique-de-grammaire.fr\/index.php?rest_route=\/wp\/v2\/pages\/2408","targetHints":{"allow":["GET"]}}],"collection":[{"href":"https:\/\/la-petite-fabrique-de-grammaire.fr\/index.php?rest_route=\/wp\/v2\/pages"}],"about":[{"href":"https:\/\/la-petite-fabrique-de-grammaire.fr\/index.php?rest_route=\/wp\/v2\/types\/page"}],"author":[{"embeddable":true,"href":"https:\/\/la-petite-fabrique-de-grammaire.fr\/index.php?rest_route=\/wp\/v2\/users\/2"}],"replies":[{"embeddable":true,"href":"https:\/\/la-petite-fabrique-de-grammaire.fr\/index.php?rest_route=%2Fwp%2Fv2%2Fcomments&post=2408"}],"version-history":[{"count":17,"href":"https:\/\/la-petite-fabrique-de-grammaire.fr\/index.php?rest_route=\/wp\/v2\/pages\/2408\/revisions"}],"predecessor-version":[{"id":4804,"href":"https:\/\/la-petite-fabrique-de-grammaire.fr\/index.php?rest_route=\/wp\/v2\/pages\/2408\/revisions\/4804"}],"wp:attachment":[{"href":"https:\/\/la-petite-fabrique-de-grammaire.fr\/index.php?rest_route=%2Fwp%2Fv2%2Fmedia&parent=2408"}],"curies":[{"name":"wp","href":"https:\/\/api.w.org\/{rel}","templated":true}]}}